{"id":1535,"date":"2017-08-07T19:49:41","date_gmt":"2017-08-07T17:49:41","guid":{"rendered":"http:\/\/ifjerusalem-romaingary.org\/?page_id=1535"},"modified":"2018-02-01T23:00:28","modified_gmt":"2018-02-01T22:00:28","slug":"jeunesse","status":"publish","type":"page","link":"https:\/\/www.institutfrancais-jerusalem.org\/ramallah\/agenda-culturel\/jeunesse\/","title":{"rendered":"JEUNESSE"},"content":{"rendered":"<p><img loading=\"lazy\" decoding=\"async\" class=\"alignnone wp-image-2398 size-large\" src=\"https:\/\/www.institutfrancais-jerusalem.org\/wp-content\/uploads\/sites\/11\/2017\/08\/andrew-branch-180244-1024x683.jpg\" alt=\"\" width=\"618\" height=\"412\" srcset=\"https:\/\/www.institutfrancais-jerusalem.org\/ramallah\/wp-content\/uploads\/sites\/11\/2017\/08\/andrew-branch-180244-1024x683.jpg 1024w, https:\/\/www.institutfrancais-jerusalem.org\/ramallah\/wp-content\/uploads\/sites\/11\/2017\/08\/andrew-branch-180244-300x200.jpg 300w, https:\/\/www.institutfrancais-jerusalem.org\/ramallah\/wp-content\/uploads\/sites\/11\/2017\/08\/andrew-branch-180244-768x512.jpg 768w\" sizes=\"auto, (max-width: 618px) 100vw, 618px\" \/><\/p>\n<p class=\"p1\"><span class=\"s1\">Tout au long de l\u2019ann\u00e9e une programmation jeunesse est propos\u00e9e dans les antennes de l\u2019Institut fran\u00e7ais de J\u00e9rusalem\u00a0: <\/span><\/p>\n<p class=\"p1\"><span class=\"s1\">-Films et animations<\/span><\/p>\n<p class=\"p1\"><span class=\"s1\">-Ateliers danse et musique<\/span><\/p>\n<p class=\"p1\"><span class=\"s1\">-Ateliers cirques<\/span><\/p>\n<p><span class=\"s1\">-Camps de vacances <\/span><\/p>\n<p><span class=\"s1\">-Apr\u00e8s-midi jeux et lecture dans les m\u00e9diath\u00e8ques <\/span><\/p>\n","protected":false},"excerpt":{"rendered":"<p>Tout au long de l\u2019ann\u00e9e une programmation jeunesse est propos\u00e9e dans les antennes de l\u2019Institut fran\u00e7ais de J\u00e9rusalem\u00a0: -Films et animations -Ateliers danse et musique -Ateliers cirques -Camps de vacances -Apr\u00e8s-midi jeux et lecture dans les m\u00e9diath\u00e8ques<\/p>\n","protected":false},"author":1,"featured_media":0,"parent":1328,"menu_order":0,"comment_status":"closed","ping_status":"closed","template":"","meta":{"footnotes":""},"class_list":["post-1535","page","type-page","status-publish",""],"yoast_head":"<!-- This site is optimized with the Yoast SEO plugin v27.5 - https:\/\/yoast.com\/product\/yoast-seo-wordpress\/ -->\n<title>JEUNESSE - Institut Fran\u00e7ais de J\u00e9rusalem - Ramallah<\/title>\n<meta name=\"robots\" content=\"index, follow, max-snippet:-1, max-image-preview:large, max-video-preview:-1\" \/>\n<link rel=\"canonical\" href=\"https:\/\/www.institutfrancais-jerusalem.org\/ramallah\/agenda-culturel\/jeunesse\/\" \/>\n<meta property=\"og:locale\" content=\"fr_FR\" \/>\n<meta property=\"og:type\" content=\"article\" \/>\n<meta property=\"og:title\" content=\"JEUNESSE - Institut Fran\u00e7ais de J\u00e9rusalem - Ramallah\" \/>\n<meta property=\"og:description\" content=\"Tout au long de l\u2019ann\u00e9e une programmation jeunesse est propos\u00e9e dans les antennes de l\u2019Institut fran\u00e7ais de J\u00e9rusalem\u00a0: -Films et animations -Ateliers danse et musique -Ateliers cirques -Camps de vacances -Apr\u00e8s-midi jeux et lecture dans les m\u00e9diath\u00e8ques\" \/>\n<meta property=\"og:url\" content=\"https:\/\/www.institutfrancais-jerusalem.org\/ramallah\/agenda-culturel\/jeunesse\/\" \/>\n<meta property=\"og:site_name\" content=\"Institut Fran\u00e7ais de J\u00e9rusalem - Ramallah\" \/>\n<meta property=\"article:modified_time\" content=\"2018-02-01T22:00:28+00:00\" \/>\n<meta property=\"og:image\" content=\"https:\/\/www.institutfrancais-jerusalem.org\/wp-content\/uploads\/sites\/11\/2017\/08\/andrew-branch-180244-1024x683.jpg\" \/>\n<meta name=\"twitter:card\" content=\"summary_large_image\" \/>\n<script type=\"application\/ld+json\" class=\"yoast-schema-graph\">{\"@context\":\"https:\\\/\\\/schema.org\",\"@graph\":[{\"@type\":\"WebPage\",\"@id\":\"https:\\\/\\\/www.institutfrancais-jerusalem.org\\\/ramallah\\\/agenda-culturel\\\/jeunesse\\\/\",\"url\":\"https:\\\/\\\/www.institutfrancais-jerusalem.org\\\/ramallah\\\/agenda-culturel\\\/jeunesse\\\/\",\"name\":\"JEUNESSE - Institut Fran\u00e7ais de J\u00e9rusalem - Ramallah\",\"isPartOf\":{\"@id\":\"https:\\\/\\\/www.institutfrancais-jerusalem.org\\\/ramallah\\\/#website\"},\"primaryImageOfPage\":{\"@id\":\"https:\\\/\\\/www.institutfrancais-jerusalem.org\\\/ramallah\\\/agenda-culturel\\\/jeunesse\\\/#primaryimage\"},\"image\":{\"@id\":\"https:\\\/\\\/www.institutfrancais-jerusalem.org\\\/ramallah\\\/agenda-culturel\\\/jeunesse\\\/#primaryimage\"},\"thumbnailUrl\":\"https:\\\/\\\/www.institutfrancais-jerusalem.org\\\/wp-content\\\/uploads\\\/sites\\\/11\\\/2017\\\/08\\\/andrew-branch-180244-1024x683.jpg\",\"datePublished\":\"2017-08-07T17:49:41+00:00\",\"dateModified\":\"2018-02-01T22:00:28+00:00\",\"breadcrumb\":{\"@id\":\"https:\\\/\\\/www.institutfrancais-jerusalem.org\\\/ramallah\\\/agenda-culturel\\\/jeunesse\\\/#breadcrumb\"},\"inLanguage\":\"fr-FR\",\"potentialAction\":[{\"@type\":\"ReadAction\",\"target\":[\"https:\\\/\\\/www.institutfrancais-jerusalem.org\\\/ramallah\\\/agenda-culturel\\\/jeunesse\\\/\"]}]},{\"@type\":\"ImageObject\",\"inLanguage\":\"fr-FR\",\"@id\":\"https:\\\/\\\/www.institutfrancais-jerusalem.org\\\/ramallah\\\/agenda-culturel\\\/jeunesse\\\/#primaryimage\",\"url\":\"https:\\\/\\\/www.institutfrancais-jerusalem.org\\\/wp-content\\\/uploads\\\/sites\\\/11\\\/2017\\\/08\\\/andrew-branch-180244-1024x683.jpg\",\"contentUrl\":\"https:\\\/\\\/www.institutfrancais-jerusalem.org\\\/wp-content\\\/uploads\\\/sites\\\/11\\\/2017\\\/08\\\/andrew-branch-180244-1024x683.jpg\"},{\"@type\":\"BreadcrumbList\",\"@id\":\"https:\\\/\\\/www.institutfrancais-jerusalem.org\\\/ramallah\\\/agenda-culturel\\\/jeunesse\\\/#breadcrumb\",\"itemListElement\":[{\"@type\":\"ListItem\",\"position\":1,\"name\":\"Accueil\",\"item\":\"https:\\\/\\\/www.institutfrancais-jerusalem.org\\\/ramallah\\\/\"},{\"@type\":\"ListItem\",\"position\":2,\"name\":\"AGENDA CULTUREL\",\"item\":\"https:\\\/\\\/www.institutfrancais-jerusalem.org\\\/ramallah\\\/agenda-culturel\\\/\"},{\"@type\":\"ListItem\",\"position\":3,\"name\":\"JEUNESSE\"}]},{\"@type\":\"WebSite\",\"@id\":\"https:\\\/\\\/www.institutfrancais-jerusalem.org\\\/ramallah\\\/#website\",\"url\":\"https:\\\/\\\/www.institutfrancais-jerusalem.org\\\/ramallah\\\/\",\"name\":\"Institut Fran\u00e7ais de J\u00e9rusalem - Ramallah\",\"description\":\"Ramallah\",\"potentialAction\":[{\"@type\":\"SearchAction\",\"target\":{\"@type\":\"EntryPoint\",\"urlTemplate\":\"https:\\\/\\\/www.institutfrancais-jerusalem.org\\\/ramallah\\\/?s={search_term_string}\"},\"query-input\":{\"@type\":\"PropertyValueSpecification\",\"valueRequired\":true,\"valueName\":\"search_term_string\"}}],\"inLanguage\":\"fr-FR\"}]}<\/script>\n<!-- \/ Yoast SEO plugin. -->","yoast_head_json":{"title":"JEUNESSE - Institut Fran\u00e7ais de J\u00e9rusalem - Ramallah","robots":{"index":"index","follow":"follow","max-snippet":"max-snippet:-1","max-image-preview":"max-image-preview:large","max-video-preview":"max-video-preview:-1"},"canonical":"https:\/\/www.institutfrancais-jerusalem.org\/ramallah\/agenda-culturel\/jeunesse\/","og_locale":"fr_FR","og_type":"article","og_title":"JEUNESSE - Institut Fran\u00e7ais de J\u00e9rusalem - Ramallah","og_description":"Tout au long de l\u2019ann\u00e9e une programmation jeunesse est propos\u00e9e dans les antennes de l\u2019Institut fran\u00e7ais de J\u00e9rusalem\u00a0: -Films et animations -Ateliers danse et musique -Ateliers cirques -Camps de vacances -Apr\u00e8s-midi jeux et lecture dans les m\u00e9diath\u00e8ques","og_url":"https:\/\/www.institutfrancais-jerusalem.org\/ramallah\/agenda-culturel\/jeunesse\/","og_site_name":"Institut Fran\u00e7ais de J\u00e9rusalem - Ramallah","article_modified_time":"2018-02-01T22:00:28+00:00","og_image":[{"url":"https:\/\/www.institutfrancais-jerusalem.org\/wp-content\/uploads\/sites\/11\/2017\/08\/andrew-branch-180244-1024x683.jpg","type":"","width":"","height":""}],"twitter_card":"summary_large_image","schema":{"@context":"https:\/\/schema.org","@graph":[{"@type":"WebPage","@id":"https:\/\/www.institutfrancais-jerusalem.org\/ramallah\/agenda-culturel\/jeunesse\/","url":"https:\/\/www.institutfrancais-jerusalem.org\/ramallah\/agenda-culturel\/jeunesse\/","name":"JEUNESSE - Institut Fran\u00e7ais de J\u00e9rusalem - Ramallah","isPartOf":{"@id":"https:\/\/www.institutfrancais-jerusalem.org\/ramallah\/#website"},"primaryImageOfPage":{"@id":"https:\/\/www.institutfrancais-jerusalem.org\/ramallah\/agenda-culturel\/jeunesse\/#primaryimage"},"image":{"@id":"https:\/\/www.institutfrancais-jerusalem.org\/ramallah\/agenda-culturel\/jeunesse\/#primaryimage"},"thumbnailUrl":"https:\/\/www.institutfrancais-jerusalem.org\/wp-content\/uploads\/sites\/11\/2017\/08\/andrew-branch-180244-1024x683.jpg","datePublished":"2017-08-07T17:49:41+00:00","dateModified":"2018-02-01T22:00:28+00:00","breadcrumb":{"@id":"https:\/\/www.institutfrancais-jerusalem.org\/ramallah\/agenda-culturel\/jeunesse\/#breadcrumb"},"inLanguage":"fr-FR","potentialAction":[{"@type":"ReadAction","target":["https:\/\/www.institutfrancais-jerusalem.org\/ramallah\/agenda-culturel\/jeunesse\/"]}]},{"@type":"ImageObject","inLanguage":"fr-FR","@id":"https:\/\/www.institutfrancais-jerusalem.org\/ramallah\/agenda-culturel\/jeunesse\/#primaryimage","url":"https:\/\/www.institutfrancais-jerusalem.org\/wp-content\/uploads\/sites\/11\/2017\/08\/andrew-branch-180244-1024x683.jpg","contentUrl":"https:\/\/www.institutfrancais-jerusalem.org\/wp-content\/uploads\/sites\/11\/2017\/08\/andrew-branch-180244-1024x683.jpg"},{"@type":"BreadcrumbList","@id":"https:\/\/www.institutfrancais-jerusalem.org\/ramallah\/agenda-culturel\/jeunesse\/#breadcrumb","itemListElement":[{"@type":"ListItem","position":1,"name":"Accueil","item":"https:\/\/www.institutfrancais-jerusalem.org\/ramallah\/"},{"@type":"ListItem","position":2,"name":"AGENDA CULTUREL","item":"https:\/\/www.institutfrancais-jerusalem.org\/ramallah\/agenda-culturel\/"},{"@type":"ListItem","position":3,"name":"JEUNESSE"}]},{"@type":"WebSite","@id":"https:\/\/www.institutfrancais-jerusalem.org\/ramallah\/#website","url":"https:\/\/www.institutfrancais-jerusalem.org\/ramallah\/","name":"Institut Fran\u00e7ais de J\u00e9rusalem - Ramallah","description":"Ramallah","potentialAction":[{"@type":"SearchAction","target":{"@type":"EntryPoint","urlTemplate":"https:\/\/www.institutfrancais-jerusalem.org\/ramallah\/?s={search_term_string}"},"query-input":{"@type":"PropertyValueSpecification","valueRequired":true,"valueName":"search_term_string"}}],"inLanguage":"fr-FR"}]}},"_links":{"self":[{"href":"https:\/\/www.institutfrancais-jerusalem.org\/ramallah\/wp-json\/wp\/v2\/pages\/1535","targetHints":{"allow":["GET"]}}],"collection":[{"href":"https:\/\/www.institutfrancais-jerusalem.org\/ramallah\/wp-json\/wp\/v2\/pages"}],"about":[{"href":"https:\/\/www.institutfrancais-jerusalem.org\/ramallah\/wp-json\/wp\/v2\/types\/page"}],"author":[{"embeddable":true,"href":"https:\/\/www.institutfrancais-jerusalem.org\/ramallah\/wp-json\/wp\/v2\/users\/1"}],"replies":[{"embeddable":true,"href":"https:\/\/www.institutfrancais-jerusalem.org\/ramallah\/wp-json\/wp\/v2\/comments?post=1535"}],"version-history":[{"count":4,"href":"https:\/\/www.institutfrancais-jerusalem.org\/ramallah\/wp-json\/wp\/v2\/pages\/1535\/revisions"}],"predecessor-version":[{"id":2400,"href":"https:\/\/www.institutfrancais-jerusalem.org\/ramallah\/wp-json\/wp\/v2\/pages\/1535\/revisions\/2400"}],"up":[{"embeddable":true,"href":"https:\/\/www.institutfrancais-jerusalem.org\/ramallah\/wp-json\/wp\/v2\/pages\/1328"}],"wp:attachment":[{"href":"https:\/\/www.institutfrancais-jerusalem.org\/ramallah\/wp-json\/wp\/v2\/media?parent=1535"}],"curies":[{"name":"wp","href":"https:\/\/api.w.org\/{rel}","templated":true}]}}

<p><img loading="lazy" decoding="async" class="alignnone wp-image-2398 size-large" src="https://www.institutfrancais-jerusalem.org/wp-content/uploads/sites/11/2017/08/andrew-branch-180244-1024x683.jpg" alt="" width="618" height="412" srcset="https://www.institutfrancais-jerusalem.org/ramallah/wp-content/uploads/sites/11/2017/08/andrew-branch-180244-1024x683.jpg 1024w, https://www.institutfrancais-jerusalem.org/ramallah/wp-content/uploads/sites/11/2017/08/andrew-branch-180244-300x200.jpg 300w, https://www.institutfrancais-jerusalem.org/ramallah/wp-content/uploads/sites/11/2017/08/andrew-branch-180244-768x512.jpg 768w" sizes="auto, (max-width: 618px) 100vw, 618px" /></p>
<p class="p1"><span class="s1">Tout au long de l’année une programmation jeunesse est proposée dans les antennes de l’Institut français de Jérusalem : </span></p>
<p class="p1"><span class="s1">-Films et animations</span></p>
<p class="p1"><span class="s1">-Ateliers danse et musique</span></p>
<p class="p1"><span class="s1">-Ateliers cirques</span></p>
<p><span class="s1">-Camps de vacances </span></p>
<p><span class="s1">-Après-midi jeux et lecture dans les médiathèques </span></p>

<p>Tout au long de l’année une programmation jeunesse est proposée dans les antennes de l’Institut français de Jérusalem : -Films et animations -Ateliers danse et musique -Ateliers cirques -Camps de vacances -Après-midi jeux et lecture dans les médiathèques</p>

<!-- This site is optimized with the Yoast SEO plugin v27.5 - https://yoast.com/product/yoast-seo-wordpress/ -->
<title>JEUNESSE - Institut Français de Jérusalem - Ramallah</title>
<meta name="robots" content="index, follow, max-snippet:-1, max-image-preview:large, max-video-preview:-1" />
<link rel="canonical" href="https://www.institutfrancais-jerusalem.org/ramallah/agenda-culturel/jeunesse/" />
<meta property="og:locale" content="fr_FR" />
<meta property="og:type" content="article" />
<meta property="og:title" content="JEUNESSE - Institut Français de Jérusalem - Ramallah" />
<meta property="og:description" content="Tout au long de l’année une programmation jeunesse est proposée dans les antennes de l’Institut français de Jérusalem : -Films et animations -Ateliers danse et musique -Ateliers cirques -Camps de vacances -Après-midi jeux et lecture dans les médiathèques" />
<meta property="og:url" content="https://www.institutfrancais-jerusalem.org/ramallah/agenda-culturel/jeunesse/" />
<meta property="og:site_name" content="Institut Français de Jérusalem - Ramallah" />
<meta property="article:modified_time" content="2018-02-01T22:00:28+00:00" />
<meta property="og:image" content="https://www.institutfrancais-jerusalem.org/wp-content/uploads/sites/11/2017/08/andrew-branch-180244-1024x683.jpg" />
<meta name="twitter:card" content="summary_large_image" />
<script type="application/ld+json" class="yoast-schema-graph">{"@context":"https:\/\/schema.org","@graph":[{"@type":"WebPage","@id":"https:\/\/www.institutfrancais-jerusalem.org\/ramallah\/agenda-culturel\/jeunesse\/","url":"https:\/\/www.institutfrancais-jerusalem.org\/ramallah\/agenda-culturel\/jeunesse\/","name":"JEUNESSE - Institut Français de Jérusalem - Ramallah","isPartOf":{"@id":"https:\/\/www.institutfrancais-jerusalem.org\/ramallah\/#website"},"primaryImageOfPage":{"@id":"https:\/\/www.institutfrancais-jerusalem.org\/ramallah\/agenda-culturel\/jeunesse\/#primaryimage"},"image":{"@id":"https:\/\/www.institutfrancais-jerusalem.org\/ramallah\/agenda-culturel\/jeunesse\/#primaryimage"},"thumbnailUrl":"https:\/\/www.institutfrancais-jerusalem.org\/wp-content\/uploads\/sites\/11\/2017\/08\/andrew-branch-180244-1024x683.jpg","datePublished":"2017-08-07T17:49:41+00:00","dateModified":"2018-02-01T22:00:28+00:00","breadcrumb":{"@id":"https:\/\/www.institutfrancais-jerusalem.org\/ramallah\/agenda-culturel\/jeunesse\/#breadcrumb"},"inLanguage":"fr-FR","potentialAction":[{"@type":"ReadAction","target":["https:\/\/www.institutfrancais-jerusalem.org\/ramallah\/agenda-culturel\/jeunesse\/"]}]},{"@type":"ImageObject","inLanguage":"fr-FR","@id":"https:\/\/www.institutfrancais-jerusalem.org\/ramallah\/agenda-culturel\/jeunesse\/#primaryimage","url":"https:\/\/www.institutfrancais-jerusalem.org\/wp-content\/uploads\/sites\/11\/2017\/08\/andrew-branch-180244-1024x683.jpg","contentUrl":"https:\/\/www.institutfrancais-jerusalem.org\/wp-content\/uploads\/sites\/11\/2017\/08\/andrew-branch-180244-1024x683.jpg"},{"@type":"BreadcrumbList","@id":"https:\/\/www.institutfrancais-jerusalem.org\/ramallah\/agenda-culturel\/jeunesse\/#breadcrumb","itemListElement":[{"@type":"ListItem","position":1,"name":"Accueil","item":"https:\/\/www.institutfrancais-jerusalem.org\/ramallah\/"},{"@type":"ListItem","position":2,"name":"AGENDA CULTUREL","item":"https:\/\/www.institutfrancais-jerusalem.org\/ramallah\/agenda-culturel\/"},{"@type":"ListItem","position":3,"name":"JEUNESSE"}]},{"@type":"WebSite","@id":"https:\/\/www.institutfrancais-jerusalem.org\/ramallah\/#website","url":"https:\/\/www.institutfrancais-jerusalem.org\/ramallah\/","name":"Institut Français de Jérusalem - Ramallah","description":"Ramallah","potentialAction":[{"@type":"SearchAction","target":{"@type":"EntryPoint","urlTemplate":"https:\/\/www.institutfrancais-jerusalem.org\/ramallah\/?s={search_term_string}"},"query-input":{"@type":"PropertyValueSpecification","valueRequired":true,"valueName":"search_term_string"}}],"inLanguage":"fr-FR"}]}</script>
<!-- / Yoast SEO plugin. -->

JEUNESSE - Institut Français de Jérusalem - Ramallah

Tout au long de l’année une programmation jeunesse est proposée dans les antennes de l’Institut français de Jérusalem : -Films et animations -Ateliers danse et musique -Ateliers cirques -Camps de vacances -Après-midi jeux et lecture dans les médiathèques

Institut Français de Jérusalem - Ramallah
