{"id":1331,"date":"2017-08-07T21:27:00","date_gmt":"2017-08-07T19:27:00","guid":{"rendered":"http:\/\/ifjerusalem-romaingary.org\/?page_id=1331"},"modified":"2022-04-10T13:28:41","modified_gmt":"2022-04-10T11:28:41","slug":"nos-mediatheques","status":"publish","type":"page","link":"https:\/\/www.institutfrancais-jerusalem.org\/ramallah\/nos-mediatheques\/","title":{"rendered":"NOTRE M\u00c9DIATH\u00c8QUE"},"content":{"rendered":"<p><img loading=\"lazy\" decoding=\"async\" class=\"wp-image-5758 alignleft\" src=\"https:\/\/www.institutfrancais-jerusalem.org\/ramallah\/wp-content\/uploads\/sites\/11\/2022\/04\/FGCC-300x300.jpg\" alt=\"\" width=\"598\" height=\"598\" srcset=\"https:\/\/www.institutfrancais-jerusalem.org\/ramallah\/wp-content\/uploads\/sites\/11\/2022\/04\/FGCC-300x300.jpg 300w, https:\/\/www.institutfrancais-jerusalem.org\/ramallah\/wp-content\/uploads\/sites\/11\/2022\/04\/FGCC-1024x1024.jpg 1024w, https:\/\/www.institutfrancais-jerusalem.org\/ramallah\/wp-content\/uploads\/sites\/11\/2022\/04\/FGCC-150x150.jpg 150w, https:\/\/www.institutfrancais-jerusalem.org\/ramallah\/wp-content\/uploads\/sites\/11\/2022\/04\/FGCC-768x768.jpg 768w, https:\/\/www.institutfrancais-jerusalem.org\/ramallah\/wp-content\/uploads\/sites\/11\/2022\/04\/FGCC-1536x1536.jpg 1536w, https:\/\/www.institutfrancais-jerusalem.org\/ramallah\/wp-content\/uploads\/sites\/11\/2022\/04\/FGCC-2048x2048.jpg 2048w\" sizes=\"auto, (max-width: 598px) 100vw, 598px\" \/><\/p>\n<p class=\"p1\"><span class=\"s1\">La m\u00e9diath\u00e8que du Centre Culturel Franco-Allemande, de Ramallah poss\u00e8de plus de\u00a0 \u00a0\u00a0 <\/span><span class=\"s2\">6 000 m\u00e9dias<\/span><span class=\"s1\"> \u00e0 destination de tous les publics. La biblioth\u00e8que offre un large fonds documentaire pour les adultes, les adolescents et les enfants, en <\/span><span class=\"s2\">trois langues<\/span><span class=\"s1\"> : fran\u00e7ais, allemand et arabe. La biblioth\u00e8que est ouverte<span class=\"Apple-converted-space\">\u00a0 <\/span>\u00e0 tous : l\u2019acc\u00e8s aux livres, et au WIFI est gratuit. Afin de pouvoir emprunter, vous devez \u00eatre titulaire d\u2019une carte de membre.<\/span><\/p>\n<h4 class=\"p1\"><span class=\"s1\"><b>A disposition des lecteurs\u00a0:<\/b><\/span><\/h4>\n<ul>\n<li class=\"li1\"><span class=\"s1\">Un fonds <\/span><span class=\"s3\">g\u00e9n\u00e9raliste<\/span><span class=\"s1\"> : arts, litt\u00e9rature contemporaine, sciences humaines, tourisme et art de vivre ;<\/span><\/li>\n<li class=\"li1\"><span class=\"s1\">Un fonds <\/span><span class=\"s3\">jeunesse<\/span><span class=\"s1\"> : livres illustr\u00e9s, bandes-dessin\u00e9es, films et jeux en fran\u00e7ais. Ce fonds est \u00e9galement pr\u00e9sent \u00e0 bord du Bibliobus franco-allemand<\/span><\/li>\n<li class=\"li1\"><span class=\"s1\">Un fonds <\/span><span class=\"s3\">sp\u00e9cialis\u00e9<\/span><span class=\"s1\"> sur l\u2019histoire de la r\u00e9gion ;<\/span><\/li>\n<li class=\"li1\"><span class=\"s1\">Un fonds <\/span><span class=\"s3\">p\u00e9dagogique<\/span><span class=\"s1\"> destin\u00e9 \u00e0 l\u2019enseignement et \u00e0 l\u2019apprentissage du fran\u00e7ais langue \u00e9trang\u00e8re (FLE) ; ce fonds est compl\u00e9t\u00e9 par une \u00ab Biblioth\u00e8que de l\u2019apprenant \u00bb qui aide les lecteurs \u00e0 identifier les m\u00e9dias correspondant \u00e0 leur niveau de comp\u00e9tence en langue fran\u00e7aise ;<\/span><\/li>\n<li class=\"li1\"><span class=\"s1\">Un fonds <\/span><span class=\"s3\">musical<\/span><span class=\"s1\"> vari\u00e9 de musiques d\u2019artistes fran\u00e7ais ou de pays francophones ;<\/span><\/li>\n<li class=\"li1\"><span class=\"s1\">Un fonds de DVDs avec une collection de <\/span><span class=\"s3\">films<\/span><span class=\"s1\"> (fictions et documentaires) en fran\u00e7ais, le plus souvent sous-titr\u00e9 en anglais ou en arabe. La m\u00e9diath\u00e8que propose \u00e9galement une s\u00e9lection de DVDs de r\u00e9alisateurs palestiniens ;<\/span><\/li>\n<li class=\"li1\"><span class=\"s1\">De nombreux <\/span><span class=\"s3\">journaux et magazines<\/span><span class=\"s1\">, disponibles notamment via la biblioth\u00e8que num\u00e9rique <a href=\"https:\/\/www.culturetheque.com\/EXPLOITATION\/PS\"><span class=\"s4\">Cultureth\u00e8que<\/span><\/a><\/span><\/li>\n<\/ul>\n<p class=\"p1\"><span class=\"s1\">L\u2019\u00e9quipe franco-allemande est \u00e0 votre service pour vous orienter et vous informer sur les nouveaut\u00e9s et la programmation r\u00e9guli\u00e8re d\u2019activit\u00e9s. La m\u00e9diath\u00e8que ouvre ses portes <\/span><span class=\"s2\">du dimanche au jeudi de 9h \u00e0 17h<b>.<\/b><\/span><\/p>\n","protected":false},"excerpt":{"rendered":"<p>La m\u00e9diath\u00e8que du Centre Culturel Franco-Allemande, de Ramallah poss\u00e8de plus de\u00a0 \u00a0\u00a0 6 000 m\u00e9dias \u00e0 destination de tous les publics. La biblioth\u00e8que offre un large fonds documentaire pour les adultes, les adolescents et les enfants, en trois langues : fran\u00e7ais, allemand et arabe. La biblioth\u00e8que est ouverte\u00a0 \u00e0 tous : l\u2019acc\u00e8s aux livres, et &hellip;<\/p>\n","protected":false},"author":1,"featured_media":0,"parent":0,"menu_order":0,"comment_status":"closed","ping_status":"closed","template":"","meta":{"footnotes":""},"class_list":["post-1331","page","type-page","status-publish",""],"yoast_head":"<!-- This site is optimized with the Yoast SEO plugin v27.5 - https:\/\/yoast.com\/product\/yoast-seo-wordpress\/ -->\n<title>NOTRE M\u00c9DIATH\u00c8QUE - Institut Fran\u00e7ais de J\u00e9rusalem - Ramallah<\/title>\n<meta name=\"robots\" content=\"index, follow, max-snippet:-1, max-image-preview:large, max-video-preview:-1\" \/>\n<link rel=\"canonical\" href=\"https:\/\/www.institutfrancais-jerusalem.org\/ramallah\/nos-mediatheques\/\" \/>\n<meta property=\"og:locale\" content=\"fr_FR\" \/>\n<meta property=\"og:type\" content=\"article\" \/>\n<meta property=\"og:title\" content=\"NOTRE M\u00c9DIATH\u00c8QUE - Institut Fran\u00e7ais de J\u00e9rusalem - Ramallah\" \/>\n<meta property=\"og:description\" content=\"La m\u00e9diath\u00e8que du Centre Culturel Franco-Allemande, de Ramallah poss\u00e8de plus de\u00a0 \u00a0\u00a0 6 000 m\u00e9dias \u00e0 destination de tous les publics. La biblioth\u00e8que offre un large fonds documentaire pour les adultes, les adolescents et les enfants, en trois langues : fran\u00e7ais, allemand et arabe. La biblioth\u00e8que est ouverte\u00a0 \u00e0 tous : l\u2019acc\u00e8s aux livres, et &hellip;\" \/>\n<meta property=\"og:url\" content=\"https:\/\/www.institutfrancais-jerusalem.org\/ramallah\/nos-mediatheques\/\" \/>\n<meta property=\"og:site_name\" content=\"Institut Fran\u00e7ais de J\u00e9rusalem - Ramallah\" \/>\n<meta property=\"article:modified_time\" content=\"2022-04-10T11:28:41+00:00\" \/>\n<meta property=\"og:image\" content=\"https:\/\/www.institutfrancais-jerusalem.org\/ramallah\/wp-content\/uploads\/sites\/11\/2022\/04\/FGCC-300x300.jpg\" \/>\n<meta name=\"twitter:card\" content=\"summary_large_image\" \/>\n<meta name=\"twitter:label1\" content=\"Dur\u00e9e de lecture estim\u00e9e\" \/>\n\t<meta name=\"twitter:data1\" content=\"1 minute\" \/>\n<script type=\"application\/ld+json\" class=\"yoast-schema-graph\">{\"@context\":\"https:\\\/\\\/schema.org\",\"@graph\":[{\"@type\":\"WebPage\",\"@id\":\"https:\\\/\\\/www.institutfrancais-jerusalem.org\\\/ramallah\\\/nos-mediatheques\\\/\",\"url\":\"https:\\\/\\\/www.institutfrancais-jerusalem.org\\\/ramallah\\\/nos-mediatheques\\\/\",\"name\":\"NOTRE M\u00c9DIATH\u00c8QUE - Institut Fran\u00e7ais de J\u00e9rusalem - Ramallah\",\"isPartOf\":{\"@id\":\"https:\\\/\\\/www.institutfrancais-jerusalem.org\\\/ramallah\\\/#website\"},\"primaryImageOfPage\":{\"@id\":\"https:\\\/\\\/www.institutfrancais-jerusalem.org\\\/ramallah\\\/nos-mediatheques\\\/#primaryimage\"},\"image\":{\"@id\":\"https:\\\/\\\/www.institutfrancais-jerusalem.org\\\/ramallah\\\/nos-mediatheques\\\/#primaryimage\"},\"thumbnailUrl\":\"https:\\\/\\\/www.institutfrancais-jerusalem.org\\\/ramallah\\\/wp-content\\\/uploads\\\/sites\\\/11\\\/2022\\\/04\\\/FGCC-300x300.jpg\",\"datePublished\":\"2017-08-07T19:27:00+00:00\",\"dateModified\":\"2022-04-10T11:28:41+00:00\",\"breadcrumb\":{\"@id\":\"https:\\\/\\\/www.institutfrancais-jerusalem.org\\\/ramallah\\\/nos-mediatheques\\\/#breadcrumb\"},\"inLanguage\":\"fr-FR\",\"potentialAction\":[{\"@type\":\"ReadAction\",\"target\":[\"https:\\\/\\\/www.institutfrancais-jerusalem.org\\\/ramallah\\\/nos-mediatheques\\\/\"]}]},{\"@type\":\"ImageObject\",\"inLanguage\":\"fr-FR\",\"@id\":\"https:\\\/\\\/www.institutfrancais-jerusalem.org\\\/ramallah\\\/nos-mediatheques\\\/#primaryimage\",\"url\":\"https:\\\/\\\/www.institutfrancais-jerusalem.org\\\/ramallah\\\/wp-content\\\/uploads\\\/sites\\\/11\\\/2022\\\/04\\\/FGCC-scaled.jpg\",\"contentUrl\":\"https:\\\/\\\/www.institutfrancais-jerusalem.org\\\/ramallah\\\/wp-content\\\/uploads\\\/sites\\\/11\\\/2022\\\/04\\\/FGCC-scaled.jpg\",\"width\":2560,\"height\":2560},{\"@type\":\"BreadcrumbList\",\"@id\":\"https:\\\/\\\/www.institutfrancais-jerusalem.org\\\/ramallah\\\/nos-mediatheques\\\/#breadcrumb\",\"itemListElement\":[{\"@type\":\"ListItem\",\"position\":1,\"name\":\"Accueil\",\"item\":\"https:\\\/\\\/www.institutfrancais-jerusalem.org\\\/ramallah\\\/\"},{\"@type\":\"ListItem\",\"position\":2,\"name\":\"NOTRE M\u00c9DIATH\u00c8QUE\"}]},{\"@type\":\"WebSite\",\"@id\":\"https:\\\/\\\/www.institutfrancais-jerusalem.org\\\/ramallah\\\/#website\",\"url\":\"https:\\\/\\\/www.institutfrancais-jerusalem.org\\\/ramallah\\\/\",\"name\":\"Institut Fran\u00e7ais de J\u00e9rusalem - Ramallah\",\"description\":\"Ramallah\",\"potentialAction\":[{\"@type\":\"SearchAction\",\"target\":{\"@type\":\"EntryPoint\",\"urlTemplate\":\"https:\\\/\\\/www.institutfrancais-jerusalem.org\\\/ramallah\\\/?s={search_term_string}\"},\"query-input\":{\"@type\":\"PropertyValueSpecification\",\"valueRequired\":true,\"valueName\":\"search_term_string\"}}],\"inLanguage\":\"fr-FR\"}]}<\/script>\n<!-- \/ Yoast SEO plugin. -->","yoast_head_json":{"title":"NOTRE M\u00c9DIATH\u00c8QUE - Institut Fran\u00e7ais de J\u00e9rusalem - Ramallah","robots":{"index":"index","follow":"follow","max-snippet":"max-snippet:-1","max-image-preview":"max-image-preview:large","max-video-preview":"max-video-preview:-1"},"canonical":"https:\/\/www.institutfrancais-jerusalem.org\/ramallah\/nos-mediatheques\/","og_locale":"fr_FR","og_type":"article","og_title":"NOTRE M\u00c9DIATH\u00c8QUE - Institut Fran\u00e7ais de J\u00e9rusalem - Ramallah","og_description":"La m\u00e9diath\u00e8que du Centre Culturel Franco-Allemande, de Ramallah poss\u00e8de plus de\u00a0 \u00a0\u00a0 6 000 m\u00e9dias \u00e0 destination de tous les publics. La biblioth\u00e8que offre un large fonds documentaire pour les adultes, les adolescents et les enfants, en trois langues : fran\u00e7ais, allemand et arabe. La biblioth\u00e8que est ouverte\u00a0 \u00e0 tous : l\u2019acc\u00e8s aux livres, et &hellip;","og_url":"https:\/\/www.institutfrancais-jerusalem.org\/ramallah\/nos-mediatheques\/","og_site_name":"Institut Fran\u00e7ais de J\u00e9rusalem - Ramallah","article_modified_time":"2022-04-10T11:28:41+00:00","og_image":[{"url":"https:\/\/www.institutfrancais-jerusalem.org\/ramallah\/wp-content\/uploads\/sites\/11\/2022\/04\/FGCC-300x300.jpg","type":"","width":"","height":""}],"twitter_card":"summary_large_image","twitter_misc":{"Dur\u00e9e de lecture estim\u00e9e":"1 minute"},"schema":{"@context":"https:\/\/schema.org","@graph":[{"@type":"WebPage","@id":"https:\/\/www.institutfrancais-jerusalem.org\/ramallah\/nos-mediatheques\/","url":"https:\/\/www.institutfrancais-jerusalem.org\/ramallah\/nos-mediatheques\/","name":"NOTRE M\u00c9DIATH\u00c8QUE - Institut Fran\u00e7ais de J\u00e9rusalem - Ramallah","isPartOf":{"@id":"https:\/\/www.institutfrancais-jerusalem.org\/ramallah\/#website"},"primaryImageOfPage":{"@id":"https:\/\/www.institutfrancais-jerusalem.org\/ramallah\/nos-mediatheques\/#primaryimage"},"image":{"@id":"https:\/\/www.institutfrancais-jerusalem.org\/ramallah\/nos-mediatheques\/#primaryimage"},"thumbnailUrl":"https:\/\/www.institutfrancais-jerusalem.org\/ramallah\/wp-content\/uploads\/sites\/11\/2022\/04\/FGCC-300x300.jpg","datePublished":"2017-08-07T19:27:00+00:00","dateModified":"2022-04-10T11:28:41+00:00","breadcrumb":{"@id":"https:\/\/www.institutfrancais-jerusalem.org\/ramallah\/nos-mediatheques\/#breadcrumb"},"inLanguage":"fr-FR","potentialAction":[{"@type":"ReadAction","target":["https:\/\/www.institutfrancais-jerusalem.org\/ramallah\/nos-mediatheques\/"]}]},{"@type":"ImageObject","inLanguage":"fr-FR","@id":"https:\/\/www.institutfrancais-jerusalem.org\/ramallah\/nos-mediatheques\/#primaryimage","url":"https:\/\/www.institutfrancais-jerusalem.org\/ramallah\/wp-content\/uploads\/sites\/11\/2022\/04\/FGCC-scaled.jpg","contentUrl":"https:\/\/www.institutfrancais-jerusalem.org\/ramallah\/wp-content\/uploads\/sites\/11\/2022\/04\/FGCC-scaled.jpg","width":2560,"height":2560},{"@type":"BreadcrumbList","@id":"https:\/\/www.institutfrancais-jerusalem.org\/ramallah\/nos-mediatheques\/#breadcrumb","itemListElement":[{"@type":"ListItem","position":1,"name":"Accueil","item":"https:\/\/www.institutfrancais-jerusalem.org\/ramallah\/"},{"@type":"ListItem","position":2,"name":"NOTRE M\u00c9DIATH\u00c8QUE"}]},{"@type":"WebSite","@id":"https:\/\/www.institutfrancais-jerusalem.org\/ramallah\/#website","url":"https:\/\/www.institutfrancais-jerusalem.org\/ramallah\/","name":"Institut Fran\u00e7ais de J\u00e9rusalem - Ramallah","description":"Ramallah","potentialAction":[{"@type":"SearchAction","target":{"@type":"EntryPoint","urlTemplate":"https:\/\/www.institutfrancais-jerusalem.org\/ramallah\/?s={search_term_string}"},"query-input":{"@type":"PropertyValueSpecification","valueRequired":true,"valueName":"search_term_string"}}],"inLanguage":"fr-FR"}]}},"_links":{"self":[{"href":"https:\/\/www.institutfrancais-jerusalem.org\/ramallah\/wp-json\/wp\/v2\/pages\/1331","targetHints":{"allow":["GET"]}}],"collection":[{"href":"https:\/\/www.institutfrancais-jerusalem.org\/ramallah\/wp-json\/wp\/v2\/pages"}],"about":[{"href":"https:\/\/www.institutfrancais-jerusalem.org\/ramallah\/wp-json\/wp\/v2\/types\/page"}],"author":[{"embeddable":true,"href":"https:\/\/www.institutfrancais-jerusalem.org\/ramallah\/wp-json\/wp\/v2\/users\/1"}],"replies":[{"embeddable":true,"href":"https:\/\/www.institutfrancais-jerusalem.org\/ramallah\/wp-json\/wp\/v2\/comments?post=1331"}],"version-history":[{"count":9,"href":"https:\/\/www.institutfrancais-jerusalem.org\/ramallah\/wp-json\/wp\/v2\/pages\/1331\/revisions"}],"predecessor-version":[{"id":2515,"href":"https:\/\/www.institutfrancais-jerusalem.org\/ramallah\/wp-json\/wp\/v2\/pages\/1331\/revisions\/2515"}],"wp:attachment":[{"href":"https:\/\/www.institutfrancais-jerusalem.org\/ramallah\/wp-json\/wp\/v2\/media?parent=1331"}],"curies":[{"name":"wp","href":"https:\/\/api.w.org\/{rel}","templated":true}]}}