{"version":"1.0","provider_name":"Institut Fran\u00e7ais de J\u00e9rusalem - Ramallah","provider_url":"https:\/\/www.institutfrancais-jerusalem.org\/ramallah","author_name":"admin6590","author_url":"https:\/\/www.institutfrancais-jerusalem.org\/ramallah\/author\/admin6590\/","title":"Le village europ\u00e9en \u00e0 Naplouse - Institut Fran\u00e7ais de J\u00e9rusalem - Ramallah","type":"rich","width":600,"height":338,"html":"<blockquote class=\"wp-embedded-content\" data-secret=\"j4cTRI2jfx\"><a href=\"https:\/\/www.institutfrancais-jerusalem.org\/ramallah\/le-village-europeen-a-naplouse\/\">Le village europ\u00e9en \u00e0 Naplouse<\/a><\/blockquote><iframe sandbox=\"allow-scripts\" security=\"restricted\" src=\"https:\/\/www.institutfrancais-jerusalem.org\/ramallah\/le-village-europeen-a-naplouse\/embed\/#?secret=j4cTRI2jfx\" width=\"600\" height=\"338\" title=\"\u00ab\u00a0Le village europ\u00e9en \u00e0 Naplouse\u00a0\u00bb &#8212; Institut Fran\u00e7ais de J\u00e9rusalem - Ramallah\" data-secret=\"j4cTRI2jfx\" frameborder=\"0\" marginwidth=\"0\" marginheight=\"0\" scrolling=\"no\" class=\"wp-embedded-content\"><\/iframe><script type=\"text\/javascript\">\n\/* <![CDATA[ *\/\n\/*! This file is auto-generated *\/\n!function(d,l){\"use strict\";l.querySelector&&d.addEventListener&&\"undefined\"!=typeof URL&&(d.wp=d.wp||{},d.wp.receiveEmbedMessage||(d.wp.receiveEmbedMessage=function(e){var t=e.data;if((t||t.secret||t.message||t.value)&&!\/[^a-zA-Z0-9]\/.test(t.secret)){for(var s,r,n,a=l.querySelectorAll('iframe[data-secret=\"'+t.secret+'\"]'),o=l.querySelectorAll('blockquote[data-secret=\"'+t.secret+'\"]'),c=new RegExp(\"^https?:$\",\"i\"),i=0;i<o.length;i++)o[i].style.display=\"none\";for(i=0;i<a.length;i++)s=a[i],e.source===s.contentWindow&&(s.removeAttribute(\"style\"),\"height\"===t.message?(1e3<(r=parseInt(t.value,10))?r=1e3:~~r<200&&(r=200),s.height=r):\"link\"===t.message&&(r=new URL(s.getAttribute(\"src\")),n=new URL(t.value),c.test(n.protocol))&&n.host===r.host&&l.activeElement===s&&(d.top.location.href=t.value))}},d.addEventListener(\"message\",d.wp.receiveEmbedMessage,!1),l.addEventListener(\"DOMContentLoaded\",function(){for(var e,t,s=l.querySelectorAll(\"iframe.wp-embedded-content\"),r=0;r<s.length;r++)(t=(e=s[r]).getAttribute(\"data-secret\"))||(t=Math.random().toString(36).substring(2,12),e.src+=\"#?secret=\"+t,e.setAttribute(\"data-secret\",t)),e.contentWindow.postMessage({message:\"ready\",secret:t},\"*\")},!1)))}(window,document);\n\/\/# sourceURL=https:\/\/www.institutfrancais-jerusalem.org\/ramallah\/wp-includes\/js\/wp-embed.min.js\n\/* ]]> *\/\n<\/script>\n","thumbnail_url":"https:\/\/www.institutfrancais-jerusalem.org\/ramallah\/wp-content\/uploads\/sites\/11\/2019\/04\/Europe-Day-illustration.jpg","thumbnail_width":1725,"thumbnail_height":656,"description":"Cette ann\u00e9e, la Journ\u00e9e de l&rsquo;Europe \u00e9tait c\u00e9l\u00e9br\u00e9e \u00e0 Naplouse au parc Gamal Abel-Nasser, jeudi 2 mai. Vous avec pu d\u00e9couvrir les stands de l&rsquo;Espagne, de la France (nous !), de l&rsquo;Allemagne, de Chypre, de Malte, de la Hollande, de la Roumanie, de l&rsquo;Italie et, bien s\u00fbr, de l&rsquo;Union europ\u00e9enne"}

Institut Français de Jérusalem - Ramallah

Le village européen à Naplouse - Institut Français de Jérusalem - Ramallah

<blockquote class="wp-embedded-content" data-secret="j4cTRI2jfx"><a href="https://www.institutfrancais-jerusalem.org/ramallah/le-village-europeen-a-naplouse/">Le village européen à Naplouse</a></blockquote><iframe sandbox="allow-scripts" security="restricted" src="https://www.institutfrancais-jerusalem.org/ramallah/le-village-europeen-a-naplouse/embed/#?secret=j4cTRI2jfx" width="600" height="338" title="« Le village européen à Naplouse » &#8212; Institut Français de Jérusalem - Ramallah" data-secret="j4cTRI2jfx" frameborder="0" marginwidth="0" marginheight="0" scrolling="no" class="wp-embedded-content"></iframe><script type="text/javascript">
/* <![CDATA[ */
/*! This file is auto-generated */
!function(d,l){"use strict";l.querySelector&&d.addEventListener&&"undefined"!=typeof URL&&(d.wp=d.wp||{},d.wp.receiveEmbedMessage||(d.wp.receiveEmbedMessage=function(e){var t=e.data;if((t||t.secret||t.message||t.value)&&!/[^a-zA-Z0-9]/.test(t.secret)){for(var s,r,n,a=l.querySelectorAll('iframe[data-secret="'+t.secret+'"]'),o=l.querySelectorAll('blockquote[data-secret="'+t.secret+'"]'),c=new RegExp("^https?:$","i"),i=0;i<o.length;i++)o[i].style.display="none";for(i=0;i<a.length;i++)s=a[i],e.source===s.contentWindow&&(s.removeAttribute("style"),"height"===t.message?(1e3<(r=parseInt(t.value,10))?r=1e3:~~r<200&&(r=200),s.height=r):"link"===t.message&&(r=new URL(s.getAttribute("src")),n=new URL(t.value),c.test(n.protocol))&&n.host===r.host&&l.activeElement===s&&(d.top.location.href=t.value))}},d.addEventListener("message",d.wp.receiveEmbedMessage,!1),l.addEventListener("DOMContentLoaded",function(){for(var e,t,s=l.querySelectorAll("iframe.wp-embedded-content"),r=0;r<s.length;r++)(t=(e=s[r]).getAttribute("data-secret"))||(t=Math.random().toString(36).substring(2,12),e.src+="#?secret="+t,e.setAttribute("data-secret",t)),e.contentWindow.postMessage({message:"ready",secret:t},"*")},!1)))}(window,document);
//# sourceURL=https://www.institutfrancais-jerusalem.org/ramallah/wp-includes/js/wp-embed.min.js
/* ]]> */
</script>

Cette année, la Journée de l&rsquo;Europe était célébrée à Naplouse au parc Gamal Abel-Nasser, jeudi 2 mai. Vous avec pu découvrir les stands de l&rsquo;Espagne, de la France (nous !), de l&rsquo;Allemagne, de Chypre, de Malte, de la Hollande, de la Roumanie, de l&rsquo;Italie et, bien sûr, de l&rsquo;Union européenne
