{"id":2187,"date":"2017-08-24T08:10:59","date_gmt":"2017-08-24T06:10:59","guid":{"rendered":"http:\/\/www.institutfrancais-jerusalem.org\/institutuus-2\/?page_id=2187"},"modified":"2022-06-16T09:21:43","modified_gmt":"2022-06-16T07:21:43","slug":"nous-rejoindre","status":"publish","type":"page","link":"https:\/\/www.institutfrancais-jerusalem.org\/gaza\/ar\/qui-sommes-nous\/nous-rejoindre\/","title":{"rendered":"\u0627\u0646\u0636\u0645\u0651\u0648\u0627 \u0625\u0644\u064a\u0646\u0627"},"content":{"rendered":"<p><img loading=\"lazy\" decoding=\"async\" class=\"alignnone wp-image-2404\" src=\"https:\/\/www.institutfrancais-jerusalem.org\/gaza\/wp-content\/uploads\/sites\/9\/2017\/08\/Capture-d\u2019e\u0301cran-2017-09-27-a\u0300-16.25.30.png\" alt=\"\" width=\"680\" height=\"572\" srcset=\"https:\/\/www.institutfrancais-jerusalem.org\/gaza\/wp-content\/uploads\/sites\/9\/2017\/08\/Capture-d\u2019e\u0301cran-2017-09-27-a\u0300-16.25.30.png 857w, https:\/\/www.institutfrancais-jerusalem.org\/gaza\/wp-content\/uploads\/sites\/9\/2017\/08\/Capture-d\u2019e\u0301cran-2017-09-27-a\u0300-16.25.30-300x252.png 300w, https:\/\/www.institutfrancais-jerusalem.org\/gaza\/wp-content\/uploads\/sites\/9\/2017\/08\/Capture-d\u2019e\u0301cran-2017-09-27-a\u0300-16.25.30-768x646.png 768w\" sizes=\"auto, (max-width: 680px) 100vw, 680px\" \/><\/p>\n<h3><strong><em>A new job opportunity to work with the French General Consulate \/ Nouveau poste \u00e0 pourvoir \u00e0 Consulat g\u00e9n\u00e9ral de France<\/em><\/strong><\/h3>\n<p><em>The French Cultural Institute in Gaza and the French General Consulate are recruiting a new security guard starting August 1st. Everything you need to know is enclosed in both job descriptions attached (FR\/ENG) to this message. <\/em><\/p>\n<p><strong><em>Applications<\/em><\/strong><em> (including r\u00e9sum\u00e9 and cover letter) can be submitted in two ways <strong>before Friday, July 8th :<\/strong><\/em><\/p>\n<p><em>&#8211; By email, sent to <\/em><em><a href=\"mailto:affaires-administratives.jerusalem-cslt@diplomatie.gouv.fr\">affaires-administratives.jerusalem-cslt@diplomatie.gouv.fr<\/a> \u00a0<\/em><\/p>\n<p><em>&#8211; By handing over the documents at the French Institute of Gaza, in a sealed envelope. Please indicate &#8220;Application for security guard\u2019s position&#8221; as a the subject.<\/em><\/p>\n<p><em>\u00a0&#8212;<\/em><\/p>\n<p><em>L\u2019Institut fran\u00e7ais \u2013 antenne de Gaza et le Consulat g\u00e9n\u00e9ral de France recrutent un nouveau vigile pour rejoindre l\u2019\u00e9quipe locale \u00e0 Gaza \u00e0 partir du 1<sup>er<\/sup> ao\u00fbt. Toutes les informations se trouvent dans les fiches de poste jointes (FR\/ANG) \u00e0 ce message. <\/em><\/p>\n<p><strong><em>Les candidatures <\/em><\/strong><em>(comprenant obligatoirement un CV et une lettre de motivation) pourront \u00eatre d\u00e9pos\u00e9es selon deux modalit\u00e9s<strong> avant le vendredi 08 juillet : <\/strong><\/em><\/p>\n<p><em>&#8211; par courriel, envoy\u00e9 \u00e0 <a href=\"mailto:affaires-administratives.jerusalem-cslt@diplomatie.gouv.fr\">affaires-administratives.jerusalem-cslt@diplomatie.gouv.fr<\/a> \u00a0\u00a0<\/em><\/p>\n<p><em>&#8211; par d\u00e9p\u00f4t \u00e0 l\u2019Institut fran\u00e7ais de Gaza, sous enveloppe ferm\u00e9e et adress\u00e9e selon la formule suivante \u00ab Candidature poste de vigile \u00bb. <\/em><\/p>\n<p><em><span style=\"color: #000080;\"><strong><a style=\"color: #000080;\" href=\"https:\/\/www.institutfrancais-jerusalem.org\/gaza\/wp-content\/uploads\/sites\/9\/2022\/06\/CGF-FICHE-DE-POSTE-ADL-vigile-angl.doc\">DOWNLOAD IN ENGLISH<\/a><\/strong><\/span> \/ <span style=\"color: #000080;\"><strong><a style=\"color: #000080;\" href=\"https:\/\/www.institutfrancais-jerusalem.org\/gaza\/wp-content\/uploads\/sites\/9\/2022\/06\/CGF-FICHE-DE-POSTE-ADL-vigile.doc\">TELECHARGER EN FRANCAIS<\/a><\/strong><\/span>\u00a0<\/em><\/p>\n","protected":false},"excerpt":{"rendered":"<p>A new job opportunity to work with the French General Consulate \/ Nouveau poste \u00e0 pourvoir \u00e0 Consulat g\u00e9n\u00e9ral de France The French Cultural Institute in Gaza and the French General Consulate are recruiting a new security guard starting August 1st. Everything you need to know is enclosed in both job descriptions attached (FR\/ENG) to &hellip;<\/p>\n","protected":false},"author":1,"featured_media":0,"parent":2176,"menu_order":0,"comment_status":"closed","ping_status":"closed","template":"","meta":{"footnotes":""},"class_list":["post-2187","page","type-page","status-publish",""],"yoast_head":"<!-- This site is optimized with the Yoast SEO plugin v27.5 - https:\/\/yoast.com\/product\/yoast-seo-wordpress\/ -->\n<title>\u0627\u0646\u0636\u0645\u0651\u0648\u0627 \u0625\u0644\u064a\u0646\u0627 - Institut Fran\u00e7ais de J\u00e9rusalem - Gaza<\/title>\n<meta name=\"robots\" content=\"index, follow, max-snippet:-1, max-image-preview:large, max-video-preview:-1\" \/>\n<link rel=\"canonical\" href=\"https:\/\/www.institutfrancais-jerusalem.org\/gaza\/ar\/qui-sommes-nous\/nous-rejoindre\/\" \/>\n<meta property=\"og:locale\" content=\"ar_AR\" \/>\n<meta property=\"og:type\" content=\"article\" \/>\n<meta property=\"og:title\" content=\"\u0627\u0646\u0636\u0645\u0651\u0648\u0627 \u0625\u0644\u064a\u0646\u0627 - Institut Fran\u00e7ais de J\u00e9rusalem - Gaza\" \/>\n<meta property=\"og:description\" content=\"A new job opportunity to work with the French General Consulate \/ Nouveau poste \u00e0 pourvoir \u00e0 Consulat g\u00e9n\u00e9ral de France The French Cultural Institute in Gaza and the French General Consulate are recruiting a new security guard starting August 1st. Everything you need to know is enclosed in both job descriptions attached (FR\/ENG) to &hellip;\" \/>\n<meta property=\"og:url\" content=\"https:\/\/www.institutfrancais-jerusalem.org\/gaza\/ar\/qui-sommes-nous\/nous-rejoindre\/\" \/>\n<meta property=\"og:site_name\" content=\"Institut Fran\u00e7ais de J\u00e9rusalem - Gaza\" \/>\n<meta property=\"article:modified_time\" content=\"2022-06-16T07:21:43+00:00\" \/>\n<meta name=\"twitter:card\" content=\"summary_large_image\" \/>\n<meta name=\"twitter:label1\" content=\"\u0648\u0642\u062a \u0627\u0644\u0642\u0631\u0627\u0621\u0629 \u0627\u0644\u0645\u064f\u0642\u062f\u0651\u0631\" \/>\n\t<meta name=\"twitter:data1\" content=\"\u062f\u0642\u064a\u0642\u062a\u0627\u0646\" \/>\n<script type=\"application\/ld+json\" class=\"yoast-schema-graph\">{\"@context\":\"https:\\\/\\\/schema.org\",\"@graph\":[{\"@type\":\"WebPage\",\"@id\":\"https:\\\/\\\/www.institutfrancais-jerusalem.org\\\/gaza\\\/ar\\\/qui-sommes-nous\\\/nous-rejoindre\\\/\",\"url\":\"https:\\\/\\\/www.institutfrancais-jerusalem.org\\\/gaza\\\/ar\\\/qui-sommes-nous\\\/nous-rejoindre\\\/\",\"name\":\"\u0627\u0646\u0636\u0645\u0651\u0648\u0627 \u0625\u0644\u064a\u0646\u0627 - Institut Fran\u00e7ais de J\u00e9rusalem - Gaza\",\"isPartOf\":{\"@id\":\"https:\\\/\\\/www.institutfrancais-jerusalem.org\\\/gaza\\\/ar\\\/#website\"},\"datePublished\":\"2017-08-24T06:10:59+00:00\",\"dateModified\":\"2022-06-16T07:21:43+00:00\",\"breadcrumb\":{\"@id\":\"https:\\\/\\\/www.institutfrancais-jerusalem.org\\\/gaza\\\/ar\\\/qui-sommes-nous\\\/nous-rejoindre\\\/#breadcrumb\"},\"inLanguage\":\"ar\",\"potentialAction\":[{\"@type\":\"ReadAction\",\"target\":[\"https:\\\/\\\/www.institutfrancais-jerusalem.org\\\/gaza\\\/ar\\\/qui-sommes-nous\\\/nous-rejoindre\\\/\"]}]},{\"@type\":\"BreadcrumbList\",\"@id\":\"https:\\\/\\\/www.institutfrancais-jerusalem.org\\\/gaza\\\/ar\\\/qui-sommes-nous\\\/nous-rejoindre\\\/#breadcrumb\",\"itemListElement\":[{\"@type\":\"ListItem\",\"position\":1,\"name\":\"Accueil\",\"item\":\"https:\\\/\\\/www.institutfrancais-jerusalem.org\\\/gaza\\\/ar\\\/\"},{\"@type\":\"ListItem\",\"position\":2,\"name\":\"\u0645\u0646 \u0646\u062d\u0646\",\"item\":\"https:\\\/\\\/www.institutfrancais-jerusalem.org\\\/gaza\\\/ar\\\/qui-sommes-nous\\\/\"},{\"@type\":\"ListItem\",\"position\":3,\"name\":\"\u0627\u0646\u0636\u0645\u0651\u0648\u0627 \u0625\u0644\u064a\u0646\u0627\"}]},{\"@type\":\"WebSite\",\"@id\":\"https:\\\/\\\/www.institutfrancais-jerusalem.org\\\/gaza\\\/ar\\\/#website\",\"url\":\"https:\\\/\\\/www.institutfrancais-jerusalem.org\\\/gaza\\\/ar\\\/\",\"name\":\"Institut Fran\u00e7ais de J\u00e9rusalem - Gaza\",\"description\":\"Chateaubriand\",\"potentialAction\":[{\"@type\":\"SearchAction\",\"target\":{\"@type\":\"EntryPoint\",\"urlTemplate\":\"https:\\\/\\\/www.institutfrancais-jerusalem.org\\\/gaza\\\/ar\\\/?s={search_term_string}\"},\"query-input\":{\"@type\":\"PropertyValueSpecification\",\"valueRequired\":true,\"valueName\":\"search_term_string\"}}],\"inLanguage\":\"ar\"}]}<\/script>\n<!-- \/ Yoast SEO plugin. -->","yoast_head_json":{"title":"\u0627\u0646\u0636\u0645\u0651\u0648\u0627 \u0625\u0644\u064a\u0646\u0627 - Institut Fran\u00e7ais de J\u00e9rusalem - Gaza","robots":{"index":"index","follow":"follow","max-snippet":"max-snippet:-1","max-image-preview":"max-image-preview:large","max-video-preview":"max-video-preview:-1"},"canonical":"https:\/\/www.institutfrancais-jerusalem.org\/gaza\/ar\/qui-sommes-nous\/nous-rejoindre\/","og_locale":"ar_AR","og_type":"article","og_title":"\u0627\u0646\u0636\u0645\u0651\u0648\u0627 \u0625\u0644\u064a\u0646\u0627 - Institut Fran\u00e7ais de J\u00e9rusalem - Gaza","og_description":"A new job opportunity to work with the French General Consulate \/ Nouveau poste \u00e0 pourvoir \u00e0 Consulat g\u00e9n\u00e9ral de France The French Cultural Institute in Gaza and the French General Consulate are recruiting a new security guard starting August 1st. Everything you need to know is enclosed in both job descriptions attached (FR\/ENG) to &hellip;","og_url":"https:\/\/www.institutfrancais-jerusalem.org\/gaza\/ar\/qui-sommes-nous\/nous-rejoindre\/","og_site_name":"Institut Fran\u00e7ais de J\u00e9rusalem - Gaza","article_modified_time":"2022-06-16T07:21:43+00:00","twitter_card":"summary_large_image","twitter_misc":{"\u0648\u0642\u062a \u0627\u0644\u0642\u0631\u0627\u0621\u0629 \u0627\u0644\u0645\u064f\u0642\u062f\u0651\u0631":"\u062f\u0642\u064a\u0642\u062a\u0627\u0646"},"schema":{"@context":"https:\/\/schema.org","@graph":[{"@type":"WebPage","@id":"https:\/\/www.institutfrancais-jerusalem.org\/gaza\/ar\/qui-sommes-nous\/nous-rejoindre\/","url":"https:\/\/www.institutfrancais-jerusalem.org\/gaza\/ar\/qui-sommes-nous\/nous-rejoindre\/","name":"\u0627\u0646\u0636\u0645\u0651\u0648\u0627 \u0625\u0644\u064a\u0646\u0627 - Institut Fran\u00e7ais de J\u00e9rusalem - Gaza","isPartOf":{"@id":"https:\/\/www.institutfrancais-jerusalem.org\/gaza\/ar\/#website"},"datePublished":"2017-08-24T06:10:59+00:00","dateModified":"2022-06-16T07:21:43+00:00","breadcrumb":{"@id":"https:\/\/www.institutfrancais-jerusalem.org\/gaza\/ar\/qui-sommes-nous\/nous-rejoindre\/#breadcrumb"},"inLanguage":"ar","potentialAction":[{"@type":"ReadAction","target":["https:\/\/www.institutfrancais-jerusalem.org\/gaza\/ar\/qui-sommes-nous\/nous-rejoindre\/"]}]},{"@type":"BreadcrumbList","@id":"https:\/\/www.institutfrancais-jerusalem.org\/gaza\/ar\/qui-sommes-nous\/nous-rejoindre\/#breadcrumb","itemListElement":[{"@type":"ListItem","position":1,"name":"Accueil","item":"https:\/\/www.institutfrancais-jerusalem.org\/gaza\/ar\/"},{"@type":"ListItem","position":2,"name":"\u0645\u0646 \u0646\u062d\u0646","item":"https:\/\/www.institutfrancais-jerusalem.org\/gaza\/ar\/qui-sommes-nous\/"},{"@type":"ListItem","position":3,"name":"\u0627\u0646\u0636\u0645\u0651\u0648\u0627 \u0625\u0644\u064a\u0646\u0627"}]},{"@type":"WebSite","@id":"https:\/\/www.institutfrancais-jerusalem.org\/gaza\/ar\/#website","url":"https:\/\/www.institutfrancais-jerusalem.org\/gaza\/ar\/","name":"Institut Fran\u00e7ais de J\u00e9rusalem - Gaza","description":"Chateaubriand","potentialAction":[{"@type":"SearchAction","target":{"@type":"EntryPoint","urlTemplate":"https:\/\/www.institutfrancais-jerusalem.org\/gaza\/ar\/?s={search_term_string}"},"query-input":{"@type":"PropertyValueSpecification","valueRequired":true,"valueName":"search_term_string"}}],"inLanguage":"ar"}]}},"_links":{"self":[{"href":"https:\/\/www.institutfrancais-jerusalem.org\/gaza\/ar\/wp-json\/wp\/v2\/pages\/2187","targetHints":{"allow":["GET"]}}],"collection":[{"href":"https:\/\/www.institutfrancais-jerusalem.org\/gaza\/ar\/wp-json\/wp\/v2\/pages"}],"about":[{"href":"https:\/\/www.institutfrancais-jerusalem.org\/gaza\/ar\/wp-json\/wp\/v2\/types\/page"}],"author":[{"embeddable":true,"href":"https:\/\/www.institutfrancais-jerusalem.org\/gaza\/ar\/wp-json\/wp\/v2\/users\/1"}],"replies":[{"embeddable":true,"href":"https:\/\/www.institutfrancais-jerusalem.org\/gaza\/ar\/wp-json\/wp\/v2\/comments?post=2187"}],"version-history":[{"count":10,"href":"https:\/\/www.institutfrancais-jerusalem.org\/gaza\/ar\/wp-json\/wp\/v2\/pages\/2187\/revisions"}],"predecessor-version":[{"id":4617,"href":"https:\/\/www.institutfrancais-jerusalem.org\/gaza\/ar\/wp-json\/wp\/v2\/pages\/2187\/revisions\/4617"}],"up":[{"embeddable":true,"href":"https:\/\/www.institutfrancais-jerusalem.org\/gaza\/ar\/wp-json\/wp\/v2\/pages\/2176"}],"wp:attachment":[{"href":"https:\/\/www.institutfrancais-jerusalem.org\/gaza\/ar\/wp-json\/wp\/v2\/media?parent=2187"}],"curies":[{"name":"wp","href":"https:\/\/api.w.org\/{rel}","templated":true}]}}

انضمّوا إلينا

<p><img loading="lazy" decoding="async" class="alignnone wp-image-2404" src="https://www.institutfrancais-jerusalem.org/gaza/wp-content/uploads/sites/9/2017/08/Capture-d’écran-2017-09-27-à-16.25.30.png" alt="" width="680" height="572" srcset="https://www.institutfrancais-jerusalem.org/gaza/wp-content/uploads/sites/9/2017/08/Capture-d’écran-2017-09-27-à-16.25.30.png 857w, https://www.institutfrancais-jerusalem.org/gaza/wp-content/uploads/sites/9/2017/08/Capture-d’écran-2017-09-27-à-16.25.30-300x252.png 300w, https://www.institutfrancais-jerusalem.org/gaza/wp-content/uploads/sites/9/2017/08/Capture-d’écran-2017-09-27-à-16.25.30-768x646.png 768w" sizes="auto, (max-width: 680px) 100vw, 680px" /></p>
<h3><strong><em>A new job opportunity to work with the French General Consulate / Nouveau poste à pourvoir à Consulat général de France</em></strong></h3>
<p><em>The French Cultural Institute in Gaza and the French General Consulate are recruiting a new security guard starting August 1st. Everything you need to know is enclosed in both job descriptions attached (FR/ENG) to this message. </em></p>
<p><strong><em>Applications</em></strong><em> (including résumé and cover letter) can be submitted in two ways <strong>before Friday, July 8th :</strong></em></p>
<p><em>&#8211; By email, sent to </em><em><a href="mailto:affaires-administratives.jerusalem-cslt@diplomatie.gouv.fr">affaires-administratives.jerusalem-cslt@diplomatie.gouv.fr</a>  </em></p>
<p><em>&#8211; By handing over the documents at the French Institute of Gaza, in a sealed envelope. Please indicate &#8220;Application for security guard’s position&#8221; as a the subject.</em></p>
<p><em> &#8212;</em></p>
<p><em>L’Institut français – antenne de Gaza et le Consulat général de France recrutent un nouveau vigile pour rejoindre l’équipe locale à Gaza à partir du 1<sup>er</sup> août. Toutes les informations se trouvent dans les fiches de poste jointes (FR/ANG) à ce message. </em></p>
<p><strong><em>Les candidatures </em></strong><em>(comprenant obligatoirement un CV et une lettre de motivation) pourront être déposées selon deux modalités<strong> avant le vendredi 08 juillet : </strong></em></p>
<p><em>&#8211; par courriel, envoyé à <a href="mailto:affaires-administratives.jerusalem-cslt@diplomatie.gouv.fr">affaires-administratives.jerusalem-cslt@diplomatie.gouv.fr</a>   </em></p>
<p><em>&#8211; par dépôt à l’Institut français de Gaza, sous enveloppe fermée et adressée selon la formule suivante « Candidature poste de vigile ». </em></p>
<p><em><span style="color: #000080;"><strong><a style="color: #000080;" href="https://www.institutfrancais-jerusalem.org/gaza/wp-content/uploads/sites/9/2022/06/CGF-FICHE-DE-POSTE-ADL-vigile-angl.doc">DOWNLOAD IN ENGLISH</a></strong></span> / <span style="color: #000080;"><strong><a style="color: #000080;" href="https://www.institutfrancais-jerusalem.org/gaza/wp-content/uploads/sites/9/2022/06/CGF-FICHE-DE-POSTE-ADL-vigile.doc">TELECHARGER EN FRANCAIS</a></strong></span> </em></p>

<p>A new job opportunity to work with the French General Consulate / Nouveau poste à pourvoir à Consulat général de France The French Cultural Institute in Gaza and the French General Consulate are recruiting a new security guard starting August 1st. Everything you need to know is enclosed in both job descriptions attached (FR/ENG) to &hellip;</p>

<!-- This site is optimized with the Yoast SEO plugin v27.5 - https://yoast.com/product/yoast-seo-wordpress/ -->
<title>انضمّوا إلينا - Institut Français de Jérusalem - Gaza</title>
<meta name="robots" content="index, follow, max-snippet:-1, max-image-preview:large, max-video-preview:-1" />
<link rel="canonical" href="https://www.institutfrancais-jerusalem.org/gaza/ar/qui-sommes-nous/nous-rejoindre/" />
<meta property="og:locale" content="ar_AR" />
<meta property="og:type" content="article" />
<meta property="og:title" content="انضمّوا إلينا - Institut Français de Jérusalem - Gaza" />
<meta property="og:description" content="A new job opportunity to work with the French General Consulate / Nouveau poste à pourvoir à Consulat général de France The French Cultural Institute in Gaza and the French General Consulate are recruiting a new security guard starting August 1st. Everything you need to know is enclosed in both job descriptions attached (FR/ENG) to &hellip;" />
<meta property="og:url" content="https://www.institutfrancais-jerusalem.org/gaza/ar/qui-sommes-nous/nous-rejoindre/" />
<meta property="og:site_name" content="Institut Français de Jérusalem - Gaza" />
<meta property="article:modified_time" content="2022-06-16T07:21:43+00:00" />
<meta name="twitter:card" content="summary_large_image" />
<meta name="twitter:label1" content="وقت القراءة المُقدّر" />
	<meta name="twitter:data1" content="دقيقتان" />
<script type="application/ld+json" class="yoast-schema-graph">{"@context":"https:\/\/schema.org","@graph":[{"@type":"WebPage","@id":"https:\/\/www.institutfrancais-jerusalem.org\/gaza\/ar\/qui-sommes-nous\/nous-rejoindre\/","url":"https:\/\/www.institutfrancais-jerusalem.org\/gaza\/ar\/qui-sommes-nous\/nous-rejoindre\/","name":"انضمّوا إلينا - Institut Français de Jérusalem - Gaza","isPartOf":{"@id":"https:\/\/www.institutfrancais-jerusalem.org\/gaza\/ar\/#website"},"datePublished":"2017-08-24T06:10:59+00:00","dateModified":"2022-06-16T07:21:43+00:00","breadcrumb":{"@id":"https:\/\/www.institutfrancais-jerusalem.org\/gaza\/ar\/qui-sommes-nous\/nous-rejoindre\/#breadcrumb"},"inLanguage":"ar","potentialAction":[{"@type":"ReadAction","target":["https:\/\/www.institutfrancais-jerusalem.org\/gaza\/ar\/qui-sommes-nous\/nous-rejoindre\/"]}]},{"@type":"BreadcrumbList","@id":"https:\/\/www.institutfrancais-jerusalem.org\/gaza\/ar\/qui-sommes-nous\/nous-rejoindre\/#breadcrumb","itemListElement":[{"@type":"ListItem","position":1,"name":"Accueil","item":"https:\/\/www.institutfrancais-jerusalem.org\/gaza\/ar\/"},{"@type":"ListItem","position":2,"name":"من نحن","item":"https:\/\/www.institutfrancais-jerusalem.org\/gaza\/ar\/qui-sommes-nous\/"},{"@type":"ListItem","position":3,"name":"انضمّوا إلينا"}]},{"@type":"WebSite","@id":"https:\/\/www.institutfrancais-jerusalem.org\/gaza\/ar\/#website","url":"https:\/\/www.institutfrancais-jerusalem.org\/gaza\/ar\/","name":"Institut Français de Jérusalem - Gaza","description":"Chateaubriand","potentialAction":[{"@type":"SearchAction","target":{"@type":"EntryPoint","urlTemplate":"https:\/\/www.institutfrancais-jerusalem.org\/gaza\/ar\/?s={search_term_string}"},"query-input":{"@type":"PropertyValueSpecification","valueRequired":true,"valueName":"search_term_string"}}],"inLanguage":"ar"}]}</script>
<!-- / Yoast SEO plugin. -->

انضمّوا إلينا - Institut Français de Jérusalem - Gaza

A new job opportunity to work with the French General Consulate / Nouveau poste à pourvoir à Consulat général de France The French Cultural Institute in Gaza and the French General Consulate are recruiting a new security guard starting August 1st. Everything you need to know is enclosed in both job descriptions attached (FR/ENG) to &hellip;

Institut Français de Jérusalem - Gaza

دقيقتان

من نحن
