{"id":1563,"date":"2017-08-07T19:54:47","date_gmt":"2017-08-07T17:54:47","guid":{"rendered":"http:\/\/ifjerusalem-romaingary.org\/?page_id=1563"},"modified":"2025-10-23T08:12:32","modified_gmt":"2025-10-23T06:12:32","slug":"diplomes-et-certifications","status":"publish","type":"page","link":"https:\/\/www.institutfrancais-jerusalem.org\/chateaubriand\/cours-de-francais\/diplomes-et-certifications\/","title":{"rendered":"DIPLOMES ET CERTIFICATIONS"},"content":{"rendered":"<h6 class=\"p1\"><strong><span class=\"s1\">Pourquoi certifier son niveau de fran\u00e7ais ?<\/span><\/strong><\/h6>\n<ul>\n<li class=\"p1\"><span class=\"s1\">Pour attester officiellement de votre niveau de langue, valeur ajout\u00e9e dans votre parcours et dans votre CV <\/span><\/li>\n<li class=\"p1\"><span class=\"s1\">Pour compl\u00e9ter un dossier de mobilit\u00e9 vers les pays francophones<\/span><\/li>\n<\/ul>\n<h6 class=\"p1\"><span class=\"s1\"><b>Le DELF et le DALF<\/b><\/span><\/h6>\n<p class=\"p1\"><span class=\"s1\">Le DELF (dipl\u00f4me d\u2019\u00e9tudes en langue fran\u00e7aise) et le DALF (dipl\u00f4me approfondi de langue fran\u00e7aise) sont des dipl\u00f4mes des minist\u00e8res fran\u00e7ais de l\u2019Education nationale et de l\u2019Enseignement sup\u00e9rieur. Ils se d\u00e9clinent en 6 niveaux : A1, A2, B1, B2, C1 et C2.<\/span><\/p>\n<p class=\"p1\"><span class=\"s1\">Diff\u00e9rentes d\u00e9clinaisons existent :<\/span><\/p>\n<ul>\n<li class=\"p1\"><span class=\"s1\"><b>DELF\/DALF tout public : <\/b>pour tout adulte de plus de 18 ans <\/span><\/li>\n<li class=\"p1\"><span class=\"s1\"><b>DELF PRIM<\/b> : pour les enfants de 8 \u00e0 12 ans <\/span><\/li>\n<li class=\"p1\"><span class=\"s1\"><b>DELF JUNIOR<\/b> : pour les adolescents de 12 \u00e0 18 ans<\/span><\/li>\n<\/ul>\n<p class=\"p1\"><span class=\"s1\">Ils sont tous valables \u00e0 vie et reconnus internationalement !<br \/>\n<\/span><\/p>\n<h6 class=\"p2\"><span class=\"s3\"><b>TCF<br \/>\n<\/b><\/span><\/h6>\n<p class=\"p1\"><span class=\"s1\">Le test de connaissance du fran\u00e7ais (TCF) vous permettra de vous positionner sur l\u2019\u00e9chelle de niveaux du cadre europ\u00e9en. Il pourra vous \u00eatre demand\u00e9 dans le cadre d\u2019une mobilit\u00e9 vers des pays francophones ou anglophones.<\/span><\/p>\n<p class=\"p1\"><span class=\"s1\">Il est valable 2 ans.<\/span><\/p>\n","protected":false},"excerpt":{"rendered":"<p>Pourquoi certifier son niveau de fran\u00e7ais ? Pour attester officiellement de votre niveau de langue, valeur ajout\u00e9e dans votre parcours et dans votre CV Pour compl\u00e9ter un dossier de mobilit\u00e9 vers les pays francophones Le DELF et le DALF Le DELF (dipl\u00f4me d\u2019\u00e9tudes en langue fran\u00e7aise) et le DALF (dipl\u00f4me approfondi de langue fran\u00e7aise) sont &hellip;<\/p>\n","protected":false},"author":1,"featured_media":5708,"parent":1326,"menu_order":0,"comment_status":"closed","ping_status":"closed","template":"","meta":{"footnotes":""},"class_list":["post-1563","page","type-page","status-publish","has-post-thumbnail",""],"yoast_head":"<!-- This site is optimized with the Yoast SEO plugin v27.5 - https:\/\/yoast.com\/product\/yoast-seo-wordpress\/ -->\n<title>DIPLOMES ET CERTIFICATIONS - Institut Fran\u00e7ais de J\u00e9rusalem - Chateaubriand<\/title>\n<meta name=\"robots\" content=\"index, follow, max-snippet:-1, max-image-preview:large, max-video-preview:-1\" \/>\n<link rel=\"canonical\" href=\"https:\/\/www.institutfrancais-jerusalem.org\/chateaubriand\/cours-de-francais\/diplomes-et-certifications\/\" \/>\n<meta property=\"og:locale\" content=\"fr_FR\" \/>\n<meta property=\"og:type\" content=\"article\" \/>\n<meta property=\"og:title\" content=\"DIPLOMES ET CERTIFICATIONS - Institut Fran\u00e7ais de J\u00e9rusalem - Chateaubriand\" \/>\n<meta property=\"og:description\" content=\"Pourquoi certifier son niveau de fran\u00e7ais ? Pour attester officiellement de votre niveau de langue, valeur ajout\u00e9e dans votre parcours et dans votre CV Pour compl\u00e9ter un dossier de mobilit\u00e9 vers les pays francophones Le DELF et le DALF Le DELF (dipl\u00f4me d\u2019\u00e9tudes en langue fran\u00e7aise) et le DALF (dipl\u00f4me approfondi de langue fran\u00e7aise) sont &hellip;\" \/>\n<meta property=\"og:url\" content=\"https:\/\/www.institutfrancais-jerusalem.org\/chateaubriand\/cours-de-francais\/diplomes-et-certifications\/\" \/>\n<meta property=\"og:site_name\" content=\"Institut Fran\u00e7ais de J\u00e9rusalem - Chateaubriand\" \/>\n<meta property=\"article:modified_time\" content=\"2025-10-23T06:12:32+00:00\" \/>\n<meta property=\"og:image\" content=\"https:\/\/www.institutfrancais-jerusalem.org\/chateaubriand\/wp-content\/uploads\/sites\/12\/2022\/02\/DELF-DALF.png\" \/>\n\t<meta property=\"og:image:width\" content=\"482\" \/>\n\t<meta property=\"og:image:height\" content=\"400\" \/>\n\t<meta property=\"og:image:type\" content=\"image\/png\" \/>\n<meta name=\"twitter:card\" content=\"summary_large_image\" \/>\n<meta name=\"twitter:label1\" content=\"Dur\u00e9e de lecture estim\u00e9e\" \/>\n\t<meta name=\"twitter:data1\" content=\"2 minutes\" \/>\n<script type=\"application\/ld+json\" class=\"yoast-schema-graph\">{\"@context\":\"https:\\\/\\\/schema.org\",\"@graph\":[{\"@type\":\"WebPage\",\"@id\":\"https:\\\/\\\/www.institutfrancais-jerusalem.org\\\/chateaubriand\\\/cours-de-francais\\\/diplomes-et-certifications\\\/\",\"url\":\"https:\\\/\\\/www.institutfrancais-jerusalem.org\\\/chateaubriand\\\/cours-de-francais\\\/diplomes-et-certifications\\\/\",\"name\":\"DIPLOMES ET CERTIFICATIONS - Institut Fran\u00e7ais de J\u00e9rusalem - Chateaubriand\",\"isPartOf\":{\"@id\":\"https:\\\/\\\/www.institutfrancais-jerusalem.org\\\/chateaubriand\\\/#website\"},\"primaryImageOfPage\":{\"@id\":\"https:\\\/\\\/www.institutfrancais-jerusalem.org\\\/chateaubriand\\\/cours-de-francais\\\/diplomes-et-certifications\\\/#primaryimage\"},\"image\":{\"@id\":\"https:\\\/\\\/www.institutfrancais-jerusalem.org\\\/chateaubriand\\\/cours-de-francais\\\/diplomes-et-certifications\\\/#primaryimage\"},\"thumbnailUrl\":\"https:\\\/\\\/www.institutfrancais-jerusalem.org\\\/chateaubriand\\\/wp-content\\\/uploads\\\/sites\\\/12\\\/2022\\\/02\\\/DELF-DALF.png\",\"datePublished\":\"2017-08-07T17:54:47+00:00\",\"dateModified\":\"2025-10-23T06:12:32+00:00\",\"breadcrumb\":{\"@id\":\"https:\\\/\\\/www.institutfrancais-jerusalem.org\\\/chateaubriand\\\/cours-de-francais\\\/diplomes-et-certifications\\\/#breadcrumb\"},\"inLanguage\":\"fr-FR\",\"potentialAction\":[{\"@type\":\"ReadAction\",\"target\":[\"https:\\\/\\\/www.institutfrancais-jerusalem.org\\\/chateaubriand\\\/cours-de-francais\\\/diplomes-et-certifications\\\/\"]}]},{\"@type\":\"ImageObject\",\"inLanguage\":\"fr-FR\",\"@id\":\"https:\\\/\\\/www.institutfrancais-jerusalem.org\\\/chateaubriand\\\/cours-de-francais\\\/diplomes-et-certifications\\\/#primaryimage\",\"url\":\"https:\\\/\\\/www.institutfrancais-jerusalem.org\\\/chateaubriand\\\/wp-content\\\/uploads\\\/sites\\\/12\\\/2022\\\/02\\\/DELF-DALF.png\",\"contentUrl\":\"https:\\\/\\\/www.institutfrancais-jerusalem.org\\\/chateaubriand\\\/wp-content\\\/uploads\\\/sites\\\/12\\\/2022\\\/02\\\/DELF-DALF.png\",\"width\":482,\"height\":400},{\"@type\":\"BreadcrumbList\",\"@id\":\"https:\\\/\\\/www.institutfrancais-jerusalem.org\\\/chateaubriand\\\/cours-de-francais\\\/diplomes-et-certifications\\\/#breadcrumb\",\"itemListElement\":[{\"@type\":\"ListItem\",\"position\":1,\"name\":\"Accueil\",\"item\":\"https:\\\/\\\/www.institutfrancais-jerusalem.org\\\/chateaubriand\\\/\"},{\"@type\":\"ListItem\",\"position\":2,\"name\":\"NOS COURS\",\"item\":\"https:\\\/\\\/www.institutfrancais-jerusalem.org\\\/chateaubriand\\\/cours-de-francais\\\/\"},{\"@type\":\"ListItem\",\"position\":3,\"name\":\"DIPLOMES ET CERTIFICATIONS\"}]},{\"@type\":\"WebSite\",\"@id\":\"https:\\\/\\\/www.institutfrancais-jerusalem.org\\\/chateaubriand\\\/#website\",\"url\":\"https:\\\/\\\/www.institutfrancais-jerusalem.org\\\/chateaubriand\\\/\",\"name\":\"Institut Fran\u00e7ais de J\u00e9rusalem - Chateaubriand\",\"description\":\"\",\"potentialAction\":[{\"@type\":\"SearchAction\",\"target\":{\"@type\":\"EntryPoint\",\"urlTemplate\":\"https:\\\/\\\/www.institutfrancais-jerusalem.org\\\/chateaubriand\\\/?s={search_term_string}\"},\"query-input\":{\"@type\":\"PropertyValueSpecification\",\"valueRequired\":true,\"valueName\":\"search_term_string\"}}],\"inLanguage\":\"fr-FR\"}]}<\/script>\n<!-- \/ Yoast SEO plugin. -->","yoast_head_json":{"title":"DIPLOMES ET CERTIFICATIONS - Institut Fran\u00e7ais de J\u00e9rusalem - Chateaubriand","robots":{"index":"index","follow":"follow","max-snippet":"max-snippet:-1","max-image-preview":"max-image-preview:large","max-video-preview":"max-video-preview:-1"},"canonical":"https:\/\/www.institutfrancais-jerusalem.org\/chateaubriand\/cours-de-francais\/diplomes-et-certifications\/","og_locale":"fr_FR","og_type":"article","og_title":"DIPLOMES ET CERTIFICATIONS - Institut Fran\u00e7ais de J\u00e9rusalem - Chateaubriand","og_description":"Pourquoi certifier son niveau de fran\u00e7ais ? Pour attester officiellement de votre niveau de langue, valeur ajout\u00e9e dans votre parcours et dans votre CV Pour compl\u00e9ter un dossier de mobilit\u00e9 vers les pays francophones Le DELF et le DALF Le DELF (dipl\u00f4me d\u2019\u00e9tudes en langue fran\u00e7aise) et le DALF (dipl\u00f4me approfondi de langue fran\u00e7aise) sont &hellip;","og_url":"https:\/\/www.institutfrancais-jerusalem.org\/chateaubriand\/cours-de-francais\/diplomes-et-certifications\/","og_site_name":"Institut Fran\u00e7ais de J\u00e9rusalem - Chateaubriand","article_modified_time":"2025-10-23T06:12:32+00:00","og_image":[{"width":482,"height":400,"url":"https:\/\/www.institutfrancais-jerusalem.org\/chateaubriand\/wp-content\/uploads\/sites\/12\/2022\/02\/DELF-DALF.png","type":"image\/png"}],"twitter_card":"summary_large_image","twitter_misc":{"Dur\u00e9e de lecture estim\u00e9e":"2 minutes"},"schema":{"@context":"https:\/\/schema.org","@graph":[{"@type":"WebPage","@id":"https:\/\/www.institutfrancais-jerusalem.org\/chateaubriand\/cours-de-francais\/diplomes-et-certifications\/","url":"https:\/\/www.institutfrancais-jerusalem.org\/chateaubriand\/cours-de-francais\/diplomes-et-certifications\/","name":"DIPLOMES ET CERTIFICATIONS - Institut Fran\u00e7ais de J\u00e9rusalem - Chateaubriand","isPartOf":{"@id":"https:\/\/www.institutfrancais-jerusalem.org\/chateaubriand\/#website"},"primaryImageOfPage":{"@id":"https:\/\/www.institutfrancais-jerusalem.org\/chateaubriand\/cours-de-francais\/diplomes-et-certifications\/#primaryimage"},"image":{"@id":"https:\/\/www.institutfrancais-jerusalem.org\/chateaubriand\/cours-de-francais\/diplomes-et-certifications\/#primaryimage"},"thumbnailUrl":"https:\/\/www.institutfrancais-jerusalem.org\/chateaubriand\/wp-content\/uploads\/sites\/12\/2022\/02\/DELF-DALF.png","datePublished":"2017-08-07T17:54:47+00:00","dateModified":"2025-10-23T06:12:32+00:00","breadcrumb":{"@id":"https:\/\/www.institutfrancais-jerusalem.org\/chateaubriand\/cours-de-francais\/diplomes-et-certifications\/#breadcrumb"},"inLanguage":"fr-FR","potentialAction":[{"@type":"ReadAction","target":["https:\/\/www.institutfrancais-jerusalem.org\/chateaubriand\/cours-de-francais\/diplomes-et-certifications\/"]}]},{"@type":"ImageObject","inLanguage":"fr-FR","@id":"https:\/\/www.institutfrancais-jerusalem.org\/chateaubriand\/cours-de-francais\/diplomes-et-certifications\/#primaryimage","url":"https:\/\/www.institutfrancais-jerusalem.org\/chateaubriand\/wp-content\/uploads\/sites\/12\/2022\/02\/DELF-DALF.png","contentUrl":"https:\/\/www.institutfrancais-jerusalem.org\/chateaubriand\/wp-content\/uploads\/sites\/12\/2022\/02\/DELF-DALF.png","width":482,"height":400},{"@type":"BreadcrumbList","@id":"https:\/\/www.institutfrancais-jerusalem.org\/chateaubriand\/cours-de-francais\/diplomes-et-certifications\/#breadcrumb","itemListElement":[{"@type":"ListItem","position":1,"name":"Accueil","item":"https:\/\/www.institutfrancais-jerusalem.org\/chateaubriand\/"},{"@type":"ListItem","position":2,"name":"NOS COURS","item":"https:\/\/www.institutfrancais-jerusalem.org\/chateaubriand\/cours-de-francais\/"},{"@type":"ListItem","position":3,"name":"DIPLOMES ET CERTIFICATIONS"}]},{"@type":"WebSite","@id":"https:\/\/www.institutfrancais-jerusalem.org\/chateaubriand\/#website","url":"https:\/\/www.institutfrancais-jerusalem.org\/chateaubriand\/","name":"Institut Fran\u00e7ais de J\u00e9rusalem - Chateaubriand","description":"","potentialAction":[{"@type":"SearchAction","target":{"@type":"EntryPoint","urlTemplate":"https:\/\/www.institutfrancais-jerusalem.org\/chateaubriand\/?s={search_term_string}"},"query-input":{"@type":"PropertyValueSpecification","valueRequired":true,"valueName":"search_term_string"}}],"inLanguage":"fr-FR"}]}},"_links":{"self":[{"href":"https:\/\/www.institutfrancais-jerusalem.org\/chateaubriand\/wp-json\/wp\/v2\/pages\/1563","targetHints":{"allow":["GET"]}}],"collection":[{"href":"https:\/\/www.institutfrancais-jerusalem.org\/chateaubriand\/wp-json\/wp\/v2\/pages"}],"about":[{"href":"https:\/\/www.institutfrancais-jerusalem.org\/chateaubriand\/wp-json\/wp\/v2\/types\/page"}],"author":[{"embeddable":true,"href":"https:\/\/www.institutfrancais-jerusalem.org\/chateaubriand\/wp-json\/wp\/v2\/users\/1"}],"replies":[{"embeddable":true,"href":"https:\/\/www.institutfrancais-jerusalem.org\/chateaubriand\/wp-json\/wp\/v2\/comments?post=1563"}],"version-history":[{"count":22,"href":"https:\/\/www.institutfrancais-jerusalem.org\/chateaubriand\/wp-json\/wp\/v2\/pages\/1563\/revisions"}],"predecessor-version":[{"id":6354,"href":"https:\/\/www.institutfrancais-jerusalem.org\/chateaubriand\/wp-json\/wp\/v2\/pages\/1563\/revisions\/6354"}],"up":[{"embeddable":true,"href":"https:\/\/www.institutfrancais-jerusalem.org\/chateaubriand\/wp-json\/wp\/v2\/pages\/1326"}],"wp:featuredmedia":[{"embeddable":true,"href":"https:\/\/www.institutfrancais-jerusalem.org\/chateaubriand\/wp-json\/wp\/v2\/media\/5708"}],"wp:attachment":[{"href":"https:\/\/www.institutfrancais-jerusalem.org\/chateaubriand\/wp-json\/wp\/v2\/media?parent=1563"}],"curies":[{"name":"wp","href":"https:\/\/api.w.org\/{rel}","templated":true}]}}