{"id":1531,"date":"2017-08-07T19:48:45","date_gmt":"2017-08-07T17:48:45","guid":{"rendered":"http:\/\/ifjerusalem-romaingary.org\/?page_id=1531"},"modified":"2018-02-01T23:08:38","modified_gmt":"2018-02-01T22:08:38","slug":"arts-vivants","status":"publish","type":"page","link":"https:\/\/www.institutfrancais-jerusalem.org\/chateaubriand\/agenda-culturel\/arts-vivants\/","title":{"rendered":"ARTS VIVANTS"},"content":{"rendered":"<p class=\"p1\"><span class=\"s1\"><img loading=\"lazy\" decoding=\"async\" class=\"alignnone size-large wp-image-2395\" src=\"https:\/\/www.institutfrancais-jerusalem.org\/wp-content\/uploads\/sites\/12\/2017\/08\/XY--1024x683.jpg\" alt=\"\" width=\"618\" height=\"412\" srcset=\"https:\/\/www.institutfrancais-jerusalem.org\/chateaubriand\/wp-content\/uploads\/sites\/12\/2017\/08\/XY--1024x683.jpg 1024w, https:\/\/www.institutfrancais-jerusalem.org\/chateaubriand\/wp-content\/uploads\/sites\/12\/2017\/08\/XY--300x200.jpg 300w, https:\/\/www.institutfrancais-jerusalem.org\/chateaubriand\/wp-content\/uploads\/sites\/12\/2017\/08\/XY--768x512.jpg 768w, https:\/\/www.institutfrancais-jerusalem.org\/chateaubriand\/wp-content\/uploads\/sites\/12\/2017\/08\/XY-.jpg 2048w\" sizes=\"auto, (max-width: 618px) 100vw, 618px\" \/><\/span><\/p>\n<p class=\"p1\"><span class=\"s1\">Musique, th\u00e9\u00e2tre, danse, cirque<b>\u00a0<\/b>: l\u2019Institut fran\u00e7ais de J\u00e9rusalem vous fait <\/span><span class=\"s2\"><b>d\u00e9couvrir les sc\u00e8nes artistiques fran\u00e7aise et francophone<\/b><\/span><span class=\"s3\"><b>, mais aussi r\u00e9gionales. <\/b><\/span><\/p>\n<p class=\"p1\"><span class=\"s1\">Notre ambition est de partager avec le plus grand nombre la <\/span><span class=\"s2\"><b>richesse et la diversit\u00e9 de la sc\u00e8ne culturelle fran\u00e7aise et locale <\/b><\/span><span class=\"s1\">en contribuant \u00e0 l\u2019\u00e9mergence de nouveaux talents.<\/span><\/p>\n<p><img loading=\"lazy\" decoding=\"async\" class=\"alignnone size-large wp-image-2392\" src=\"https:\/\/www.institutfrancais-jerusalem.org\/wp-content\/uploads\/sites\/12\/2017\/08\/IMED-ALIBI-1024x735.jpg\" alt=\"\" width=\"618\" height=\"444\" srcset=\"https:\/\/www.institutfrancais-jerusalem.org\/chateaubriand\/wp-content\/uploads\/sites\/12\/2017\/08\/IMED-ALIBI-1024x735.jpg 1024w, https:\/\/www.institutfrancais-jerusalem.org\/chateaubriand\/wp-content\/uploads\/sites\/12\/2017\/08\/IMED-ALIBI-300x215.jpg 300w, https:\/\/www.institutfrancais-jerusalem.org\/chateaubriand\/wp-content\/uploads\/sites\/12\/2017\/08\/IMED-ALIBI-768x552.jpg 768w, https:\/\/www.institutfrancais-jerusalem.org\/chateaubriand\/wp-content\/uploads\/sites\/12\/2017\/08\/IMED-ALIBI.jpg 2022w\" sizes=\"auto, (max-width: 618px) 100vw, 618px\" \/><\/p>\n<p class=\"p1\"><span class=\"s1\">Pour cela, l\u2019Institut fran\u00e7ais de J\u00e9rusalem propose une <\/span><span class=\"s2\"><b>programmation th\u00e9\u00e2trale<\/b><\/span><span class=\"s1\"> diverse, des <\/span><span class=\"s2\"><b>concerts <\/b><\/span><span class=\"s1\">de musique classique mais aussi de musiques actuelles, des ateliers (th\u00e9\u00e2tre, musique, marionnettes), ainsi que des <\/span><span class=\"s2\"><b>spectacles pour la jeunesse.<\/b><\/span><\/p>\n<p class=\"p1\"><span class=\"s1\">L\u2019IFJ est \u00e9galement partenaire au printemps du<b> Festival de danse contemporaine de Ramallah. <\/b><\/span><\/p>\n<p class=\"p1\"><span class=\"s1\">Vous souhaitez nous proposer un projet\u00a0? <\/span><\/p>\n<p class=\"p2\"><span class=\"s4\">Contactez-nous \u00e0\u00a0: <a href=\"mailto:scac.jerusalem-fslt@diplomatie.gouv.fr\"><span class=\"s5\"><b>scac.jerusalem-fslt@diplomatie.gouv.fr<\/b><\/span><\/a><\/span><b> <\/b><\/p>\n","protected":false},"excerpt":{"rendered":"<p>Musique, th\u00e9\u00e2tre, danse, cirque\u00a0: l\u2019Institut fran\u00e7ais de J\u00e9rusalem vous fait d\u00e9couvrir les sc\u00e8nes artistiques fran\u00e7aise et francophone, mais aussi r\u00e9gionales. Notre ambition est de partager avec le plus grand nombre la richesse et la diversit\u00e9 de la sc\u00e8ne culturelle fran\u00e7aise et locale en contribuant \u00e0 l\u2019\u00e9mergence de nouveaux talents. Pour cela, l\u2019Institut fran\u00e7ais de J\u00e9rusalem &hellip;<\/p>\n","protected":false},"author":1,"featured_media":0,"parent":1328,"menu_order":0,"comment_status":"closed","ping_status":"closed","template":"","meta":{"footnotes":""},"class_list":["post-1531","page","type-page","status-publish",""],"yoast_head":"<!-- This site is optimized with the Yoast SEO plugin v27.4 - https:\/\/yoast.com\/product\/yoast-seo-wordpress\/ -->\n<title>ARTS VIVANTS - Institut Fran\u00e7ais de J\u00e9rusalem - Chateaubriand<\/title>\n<meta name=\"robots\" content=\"index, follow, max-snippet:-1, max-image-preview:large, max-video-preview:-1\" \/>\n<link rel=\"canonical\" href=\"https:\/\/www.institutfrancais-jerusalem.org\/chateaubriand\/agenda-culturel\/arts-vivants\/\" \/>\n<meta property=\"og:locale\" content=\"fr_FR\" \/>\n<meta property=\"og:type\" content=\"article\" \/>\n<meta property=\"og:title\" content=\"ARTS VIVANTS - Institut Fran\u00e7ais de J\u00e9rusalem - Chateaubriand\" \/>\n<meta property=\"og:description\" content=\"Musique, th\u00e9\u00e2tre, danse, cirque\u00a0: l\u2019Institut fran\u00e7ais de J\u00e9rusalem vous fait d\u00e9couvrir les sc\u00e8nes artistiques fran\u00e7aise et francophone, mais aussi r\u00e9gionales. Notre ambition est de partager avec le plus grand nombre la richesse et la diversit\u00e9 de la sc\u00e8ne culturelle fran\u00e7aise et locale en contribuant \u00e0 l\u2019\u00e9mergence de nouveaux talents. Pour cela, l\u2019Institut fran\u00e7ais de J\u00e9rusalem &hellip;\" \/>\n<meta property=\"og:url\" content=\"https:\/\/www.institutfrancais-jerusalem.org\/chateaubriand\/agenda-culturel\/arts-vivants\/\" \/>\n<meta property=\"og:site_name\" content=\"Institut Fran\u00e7ais de J\u00e9rusalem - Chateaubriand\" \/>\n<meta property=\"article:modified_time\" content=\"2018-02-01T22:08:38+00:00\" \/>\n<meta property=\"og:image\" content=\"https:\/\/www.institutfrancais-jerusalem.org\/wp-content\/uploads\/sites\/12\/2017\/08\/XY--1024x683.jpg\" \/>\n<meta name=\"twitter:card\" content=\"summary_large_image\" \/>\n<meta name=\"twitter:label1\" content=\"Dur\u00e9e de lecture estim\u00e9e\" \/>\n\t<meta name=\"twitter:data1\" content=\"1 minute\" \/>\n<script type=\"application\/ld+json\" class=\"yoast-schema-graph\">{\"@context\":\"https:\\\/\\\/schema.org\",\"@graph\":[{\"@type\":\"WebPage\",\"@id\":\"https:\\\/\\\/www.institutfrancais-jerusalem.org\\\/chateaubriand\\\/agenda-culturel\\\/arts-vivants\\\/\",\"url\":\"https:\\\/\\\/www.institutfrancais-jerusalem.org\\\/chateaubriand\\\/agenda-culturel\\\/arts-vivants\\\/\",\"name\":\"ARTS VIVANTS - Institut Fran\u00e7ais de J\u00e9rusalem - Chateaubriand\",\"isPartOf\":{\"@id\":\"https:\\\/\\\/www.institutfrancais-jerusalem.org\\\/chateaubriand\\\/#website\"},\"primaryImageOfPage\":{\"@id\":\"https:\\\/\\\/www.institutfrancais-jerusalem.org\\\/chateaubriand\\\/agenda-culturel\\\/arts-vivants\\\/#primaryimage\"},\"image\":{\"@id\":\"https:\\\/\\\/www.institutfrancais-jerusalem.org\\\/chateaubriand\\\/agenda-culturel\\\/arts-vivants\\\/#primaryimage\"},\"thumbnailUrl\":\"https:\\\/\\\/www.institutfrancais-jerusalem.org\\\/wp-content\\\/uploads\\\/sites\\\/12\\\/2017\\\/08\\\/XY--1024x683.jpg\",\"datePublished\":\"2017-08-07T17:48:45+00:00\",\"dateModified\":\"2018-02-01T22:08:38+00:00\",\"breadcrumb\":{\"@id\":\"https:\\\/\\\/www.institutfrancais-jerusalem.org\\\/chateaubriand\\\/agenda-culturel\\\/arts-vivants\\\/#breadcrumb\"},\"inLanguage\":\"fr-FR\",\"potentialAction\":[{\"@type\":\"ReadAction\",\"target\":[\"https:\\\/\\\/www.institutfrancais-jerusalem.org\\\/chateaubriand\\\/agenda-culturel\\\/arts-vivants\\\/\"]}]},{\"@type\":\"ImageObject\",\"inLanguage\":\"fr-FR\",\"@id\":\"https:\\\/\\\/www.institutfrancais-jerusalem.org\\\/chateaubriand\\\/agenda-culturel\\\/arts-vivants\\\/#primaryimage\",\"url\":\"https:\\\/\\\/www.institutfrancais-jerusalem.org\\\/wp-content\\\/uploads\\\/sites\\\/12\\\/2017\\\/08\\\/XY--1024x683.jpg\",\"contentUrl\":\"https:\\\/\\\/www.institutfrancais-jerusalem.org\\\/wp-content\\\/uploads\\\/sites\\\/12\\\/2017\\\/08\\\/XY--1024x683.jpg\"},{\"@type\":\"BreadcrumbList\",\"@id\":\"https:\\\/\\\/www.institutfrancais-jerusalem.org\\\/chateaubriand\\\/agenda-culturel\\\/arts-vivants\\\/#breadcrumb\",\"itemListElement\":[{\"@type\":\"ListItem\",\"position\":1,\"name\":\"Accueil\",\"item\":\"https:\\\/\\\/www.institutfrancais-jerusalem.org\\\/chateaubriand\\\/\"},{\"@type\":\"ListItem\",\"position\":2,\"name\":\"AGENDA CULTUREL\",\"item\":\"https:\\\/\\\/www.institutfrancais-jerusalem.org\\\/chateaubriand\\\/agenda-culturel\\\/\"},{\"@type\":\"ListItem\",\"position\":3,\"name\":\"ARTS VIVANTS\"}]},{\"@type\":\"WebSite\",\"@id\":\"https:\\\/\\\/www.institutfrancais-jerusalem.org\\\/chateaubriand\\\/#website\",\"url\":\"https:\\\/\\\/www.institutfrancais-jerusalem.org\\\/chateaubriand\\\/\",\"name\":\"Institut Fran\u00e7ais de J\u00e9rusalem - Chateaubriand\",\"description\":\"\",\"potentialAction\":[{\"@type\":\"SearchAction\",\"target\":{\"@type\":\"EntryPoint\",\"urlTemplate\":\"https:\\\/\\\/www.institutfrancais-jerusalem.org\\\/chateaubriand\\\/?s={search_term_string}\"},\"query-input\":{\"@type\":\"PropertyValueSpecification\",\"valueRequired\":true,\"valueName\":\"search_term_string\"}}],\"inLanguage\":\"fr-FR\"}]}<\/script>\n<!-- \/ Yoast SEO plugin. -->","yoast_head_json":{"title":"ARTS VIVANTS - Institut Fran\u00e7ais de J\u00e9rusalem - Chateaubriand","robots":{"index":"index","follow":"follow","max-snippet":"max-snippet:-1","max-image-preview":"max-image-preview:large","max-video-preview":"max-video-preview:-1"},"canonical":"https:\/\/www.institutfrancais-jerusalem.org\/chateaubriand\/agenda-culturel\/arts-vivants\/","og_locale":"fr_FR","og_type":"article","og_title":"ARTS VIVANTS - Institut Fran\u00e7ais de J\u00e9rusalem - Chateaubriand","og_description":"Musique, th\u00e9\u00e2tre, danse, cirque\u00a0: l\u2019Institut fran\u00e7ais de J\u00e9rusalem vous fait d\u00e9couvrir les sc\u00e8nes artistiques fran\u00e7aise et francophone, mais aussi r\u00e9gionales. Notre ambition est de partager avec le plus grand nombre la richesse et la diversit\u00e9 de la sc\u00e8ne culturelle fran\u00e7aise et locale en contribuant \u00e0 l\u2019\u00e9mergence de nouveaux talents. Pour cela, l\u2019Institut fran\u00e7ais de J\u00e9rusalem &hellip;","og_url":"https:\/\/www.institutfrancais-jerusalem.org\/chateaubriand\/agenda-culturel\/arts-vivants\/","og_site_name":"Institut Fran\u00e7ais de J\u00e9rusalem - Chateaubriand","article_modified_time":"2018-02-01T22:08:38+00:00","og_image":[{"url":"https:\/\/www.institutfrancais-jerusalem.org\/wp-content\/uploads\/sites\/12\/2017\/08\/XY--1024x683.jpg","type":"","width":"","height":""}],"twitter_card":"summary_large_image","twitter_misc":{"Dur\u00e9e de lecture estim\u00e9e":"1 minute"},"schema":{"@context":"https:\/\/schema.org","@graph":[{"@type":"WebPage","@id":"https:\/\/www.institutfrancais-jerusalem.org\/chateaubriand\/agenda-culturel\/arts-vivants\/","url":"https:\/\/www.institutfrancais-jerusalem.org\/chateaubriand\/agenda-culturel\/arts-vivants\/","name":"ARTS VIVANTS - Institut Fran\u00e7ais de J\u00e9rusalem - Chateaubriand","isPartOf":{"@id":"https:\/\/www.institutfrancais-jerusalem.org\/chateaubriand\/#website"},"primaryImageOfPage":{"@id":"https:\/\/www.institutfrancais-jerusalem.org\/chateaubriand\/agenda-culturel\/arts-vivants\/#primaryimage"},"image":{"@id":"https:\/\/www.institutfrancais-jerusalem.org\/chateaubriand\/agenda-culturel\/arts-vivants\/#primaryimage"},"thumbnailUrl":"https:\/\/www.institutfrancais-jerusalem.org\/wp-content\/uploads\/sites\/12\/2017\/08\/XY--1024x683.jpg","datePublished":"2017-08-07T17:48:45+00:00","dateModified":"2018-02-01T22:08:38+00:00","breadcrumb":{"@id":"https:\/\/www.institutfrancais-jerusalem.org\/chateaubriand\/agenda-culturel\/arts-vivants\/#breadcrumb"},"inLanguage":"fr-FR","potentialAction":[{"@type":"ReadAction","target":["https:\/\/www.institutfrancais-jerusalem.org\/chateaubriand\/agenda-culturel\/arts-vivants\/"]}]},{"@type":"ImageObject","inLanguage":"fr-FR","@id":"https:\/\/www.institutfrancais-jerusalem.org\/chateaubriand\/agenda-culturel\/arts-vivants\/#primaryimage","url":"https:\/\/www.institutfrancais-jerusalem.org\/wp-content\/uploads\/sites\/12\/2017\/08\/XY--1024x683.jpg","contentUrl":"https:\/\/www.institutfrancais-jerusalem.org\/wp-content\/uploads\/sites\/12\/2017\/08\/XY--1024x683.jpg"},{"@type":"BreadcrumbList","@id":"https:\/\/www.institutfrancais-jerusalem.org\/chateaubriand\/agenda-culturel\/arts-vivants\/#breadcrumb","itemListElement":[{"@type":"ListItem","position":1,"name":"Accueil","item":"https:\/\/www.institutfrancais-jerusalem.org\/chateaubriand\/"},{"@type":"ListItem","position":2,"name":"AGENDA CULTUREL","item":"https:\/\/www.institutfrancais-jerusalem.org\/chateaubriand\/agenda-culturel\/"},{"@type":"ListItem","position":3,"name":"ARTS VIVANTS"}]},{"@type":"WebSite","@id":"https:\/\/www.institutfrancais-jerusalem.org\/chateaubriand\/#website","url":"https:\/\/www.institutfrancais-jerusalem.org\/chateaubriand\/","name":"Institut Fran\u00e7ais de J\u00e9rusalem - Chateaubriand","description":"","potentialAction":[{"@type":"SearchAction","target":{"@type":"EntryPoint","urlTemplate":"https:\/\/www.institutfrancais-jerusalem.org\/chateaubriand\/?s={search_term_string}"},"query-input":{"@type":"PropertyValueSpecification","valueRequired":true,"valueName":"search_term_string"}}],"inLanguage":"fr-FR"}]}},"_links":{"self":[{"href":"https:\/\/www.institutfrancais-jerusalem.org\/chateaubriand\/wp-json\/wp\/v2\/pages\/1531","targetHints":{"allow":["GET"]}}],"collection":[{"href":"https:\/\/www.institutfrancais-jerusalem.org\/chateaubriand\/wp-json\/wp\/v2\/pages"}],"about":[{"href":"https:\/\/www.institutfrancais-jerusalem.org\/chateaubriand\/wp-json\/wp\/v2\/types\/page"}],"author":[{"embeddable":true,"href":"https:\/\/www.institutfrancais-jerusalem.org\/chateaubriand\/wp-json\/wp\/v2\/users\/1"}],"replies":[{"embeddable":true,"href":"https:\/\/www.institutfrancais-jerusalem.org\/chateaubriand\/wp-json\/wp\/v2\/comments?post=1531"}],"version-history":[{"count":4,"href":"https:\/\/www.institutfrancais-jerusalem.org\/chateaubriand\/wp-json\/wp\/v2\/pages\/1531\/revisions"}],"predecessor-version":[{"id":2397,"href":"https:\/\/www.institutfrancais-jerusalem.org\/chateaubriand\/wp-json\/wp\/v2\/pages\/1531\/revisions\/2397"}],"up":[{"embeddable":true,"href":"https:\/\/www.institutfrancais-jerusalem.org\/chateaubriand\/wp-json\/wp\/v2\/pages\/1328"}],"wp:attachment":[{"href":"https:\/\/www.institutfrancais-jerusalem.org\/chateaubriand\/wp-json\/wp\/v2\/media?parent=1531"}],"curies":[{"name":"wp","href":"https:\/\/api.w.org\/{rel}","templated":true}]}}