{"id":1379,"date":"2017-08-07T17:55:41","date_gmt":"2017-08-07T15:55:41","guid":{"rendered":"http:\/\/ifjerusalem-romaingary.org\/?page_id=1379"},"modified":"2021-04-20T11:04:43","modified_gmt":"2021-04-20T09:04:43","slug":"louer-nos-espaces","status":"publish","type":"page","link":"https:\/\/www.institutfrancais-jerusalem.org\/chateaubriand\/qui-sommes-nous\/louer-nos-espaces\/","title":{"rendered":"LOUER NOS ESPACES"},"content":{"rendered":"<p class=\"p2\"><span class=\"s1\">L\u2019Institut fran\u00e7ais de J\u00e9rusalem &#8211; antenne Chateaubriand met \u00e0 votre disposition ses locaux et son jardin pour vos manifestations culturelles, \u00e9ducatives et festives.<\/span><\/p>\n<h4 class=\"p2\"><span class=\"s1\"><b>Nos locaux<\/b>\u00a0:<\/span><\/h4>\n<p>&#8211; 1 salle multim\u00e9dia pouvant accueillir jusqu\u2019\u00e0 50 personnes pour des films, conf\u00e9rences, concerts, studio photos, etc\u2026<\/p>\n<p><img loading=\"lazy\" decoding=\"async\" class=\"alignleft size-large wp-image-2530\" src=\"https:\/\/www.institutfrancais-jerusalem.org\/chateaubriand\/wp-content\/uploads\/sites\/12\/2018\/02\/IMG_4505-1024x682.jpg\" alt=\"\" width=\"618\" height=\"412\" srcset=\"https:\/\/www.institutfrancais-jerusalem.org\/chateaubriand\/wp-content\/uploads\/sites\/12\/2018\/02\/IMG_4505-1024x682.jpg 1024w, https:\/\/www.institutfrancais-jerusalem.org\/chateaubriand\/wp-content\/uploads\/sites\/12\/2018\/02\/IMG_4505-300x200.jpg 300w, https:\/\/www.institutfrancais-jerusalem.org\/chateaubriand\/wp-content\/uploads\/sites\/12\/2018\/02\/IMG_4505-768x512.jpg 768w, https:\/\/www.institutfrancais-jerusalem.org\/chateaubriand\/wp-content\/uploads\/sites\/12\/2018\/02\/IMG_4505.jpg 2000w\" sizes=\"auto, (max-width: 618px) 100vw, 618px\" \/><\/p>\n<p>&#8211; 3 salles de cours pouvant accueillir 10 \u00e0 15 personnes<\/p>\n<p>&#8211; 1 jardin de 450m\u00b2 pouvant accueillir 100 personnes<\/p>\n<p><img loading=\"lazy\" decoding=\"async\" class=\"alignleft size-large wp-image-2541\" src=\"https:\/\/www.institutfrancais-jerusalem.org\/chateaubriand\/wp-content\/uploads\/sites\/12\/2018\/02\/IMG_4499-1024x683.jpg\" alt=\"\" width=\"618\" height=\"412\" srcset=\"https:\/\/www.institutfrancais-jerusalem.org\/chateaubriand\/wp-content\/uploads\/sites\/12\/2018\/02\/IMG_4499-1024x683.jpg 1024w, https:\/\/www.institutfrancais-jerusalem.org\/chateaubriand\/wp-content\/uploads\/sites\/12\/2018\/02\/IMG_4499-300x200.jpg 300w, https:\/\/www.institutfrancais-jerusalem.org\/chateaubriand\/wp-content\/uploads\/sites\/12\/2018\/02\/IMG_4499-768x512.jpg 768w, https:\/\/www.institutfrancais-jerusalem.org\/chateaubriand\/wp-content\/uploads\/sites\/12\/2018\/02\/IMG_4499.jpg 1350w\" sizes=\"auto, (max-width: 618px) 100vw, 618px\" \/><\/p>\n<p>&#8211; 1 m\u00e9diath\u00e8que pouvant accueillir jusqu\u2019\u00e0 50 personnes pour des r\u00e9unions et conf\u00e9rences.<\/p>\n<p><img loading=\"lazy\" decoding=\"async\" class=\"alignleft size-large wp-image-2539\" src=\"https:\/\/www.institutfrancais-jerusalem.org\/chateaubriand\/wp-content\/uploads\/sites\/12\/2018\/02\/IMG_4528-1-1024x683.jpg\" alt=\"\" width=\"618\" height=\"412\" srcset=\"https:\/\/www.institutfrancais-jerusalem.org\/chateaubriand\/wp-content\/uploads\/sites\/12\/2018\/02\/IMG_4528-1-1024x683.jpg 1024w, https:\/\/www.institutfrancais-jerusalem.org\/chateaubriand\/wp-content\/uploads\/sites\/12\/2018\/02\/IMG_4528-1-300x200.jpg 300w, https:\/\/www.institutfrancais-jerusalem.org\/chateaubriand\/wp-content\/uploads\/sites\/12\/2018\/02\/IMG_4528-1-768x512.jpg 768w, https:\/\/www.institutfrancais-jerusalem.org\/chateaubriand\/wp-content\/uploads\/sites\/12\/2018\/02\/IMG_4528-1.jpg 1600w\" sizes=\"auto, (max-width: 618px) 100vw, 618px\" \/><\/p>\n<p class=\"p2\"><span class=\"s1\"><b>Conditions\u00a0:<\/b><\/span><\/p>\n<p>&#8211; Devis sur demande<br \/>\n&#8211; R\u00e9daction d\u2019une convention de mise \u00e0 disposition du lieu<\/p>\n<h4>Contact :<\/h4>\n<p><a href=\"mailto:ifj-chateaubriand@consulfrance-jerusalem.org\">ifj-chateaubriand@consulfrance-jerusalem.org\u00a0<\/a><\/p>\n<p>&nbsp;<\/p>\n","protected":false},"excerpt":{"rendered":"<p>L\u2019Institut fran\u00e7ais de J\u00e9rusalem &#8211; antenne Chateaubriand met \u00e0 votre disposition ses locaux et son jardin pour vos manifestations culturelles, \u00e9ducatives et festives. Nos locaux\u00a0: &#8211; 1 salle multim\u00e9dia pouvant accueillir jusqu\u2019\u00e0 50 personnes pour des films, conf\u00e9rences, concerts, studio photos, etc\u2026 &#8211; 3 salles de cours pouvant accueillir 10 \u00e0 15 personnes &#8211; 1 &hellip;<\/p>\n","protected":false},"author":1,"featured_media":0,"parent":377,"menu_order":0,"comment_status":"closed","ping_status":"closed","template":"","meta":{"footnotes":""},"class_list":["post-1379","page","type-page","status-publish",""],"yoast_head":"<!-- This site is optimized with the Yoast SEO plugin v27.5 - https:\/\/yoast.com\/product\/yoast-seo-wordpress\/ -->\n<title>LOUER NOS ESPACES - Institut Fran\u00e7ais de J\u00e9rusalem - Chateaubriand<\/title>\n<meta name=\"robots\" content=\"index, follow, max-snippet:-1, max-image-preview:large, max-video-preview:-1\" \/>\n<link rel=\"canonical\" href=\"https:\/\/www.institutfrancais-jerusalem.org\/chateaubriand\/qui-sommes-nous\/louer-nos-espaces\/\" \/>\n<meta property=\"og:locale\" content=\"fr_FR\" \/>\n<meta property=\"og:type\" content=\"article\" \/>\n<meta property=\"og:title\" content=\"LOUER NOS ESPACES - Institut Fran\u00e7ais de J\u00e9rusalem - Chateaubriand\" \/>\n<meta property=\"og:description\" content=\"L\u2019Institut fran\u00e7ais de J\u00e9rusalem &#8211; antenne Chateaubriand met \u00e0 votre disposition ses locaux et son jardin pour vos manifestations culturelles, \u00e9ducatives et festives. Nos locaux\u00a0: &#8211; 1 salle multim\u00e9dia pouvant accueillir jusqu\u2019\u00e0 50 personnes pour des films, conf\u00e9rences, concerts, studio photos, etc\u2026 &#8211; 3 salles de cours pouvant accueillir 10 \u00e0 15 personnes &#8211; 1 &hellip;\" \/>\n<meta property=\"og:url\" content=\"https:\/\/www.institutfrancais-jerusalem.org\/chateaubriand\/qui-sommes-nous\/louer-nos-espaces\/\" \/>\n<meta property=\"og:site_name\" content=\"Institut Fran\u00e7ais de J\u00e9rusalem - Chateaubriand\" \/>\n<meta property=\"article:modified_time\" content=\"2021-04-20T09:04:43+00:00\" \/>\n<meta property=\"og:image\" content=\"https:\/\/www.institutfrancais-jerusalem.org\/chateaubriand\/wp-content\/uploads\/sites\/12\/2018\/02\/IMG_4505-1024x682.jpg\" \/>\n<meta name=\"twitter:card\" content=\"summary_large_image\" \/>\n<meta name=\"twitter:label1\" content=\"Dur\u00e9e de lecture estim\u00e9e\" \/>\n\t<meta name=\"twitter:data1\" content=\"1 minute\" \/>\n<script type=\"application\/ld+json\" class=\"yoast-schema-graph\">{\"@context\":\"https:\\\/\\\/schema.org\",\"@graph\":[{\"@type\":\"WebPage\",\"@id\":\"https:\\\/\\\/www.institutfrancais-jerusalem.org\\\/chateaubriand\\\/qui-sommes-nous\\\/louer-nos-espaces\\\/\",\"url\":\"https:\\\/\\\/www.institutfrancais-jerusalem.org\\\/chateaubriand\\\/qui-sommes-nous\\\/louer-nos-espaces\\\/\",\"name\":\"LOUER NOS ESPACES - Institut Fran\u00e7ais de J\u00e9rusalem - Chateaubriand\",\"isPartOf\":{\"@id\":\"https:\\\/\\\/www.institutfrancais-jerusalem.org\\\/chateaubriand\\\/#website\"},\"primaryImageOfPage\":{\"@id\":\"https:\\\/\\\/www.institutfrancais-jerusalem.org\\\/chateaubriand\\\/qui-sommes-nous\\\/louer-nos-espaces\\\/#primaryimage\"},\"image\":{\"@id\":\"https:\\\/\\\/www.institutfrancais-jerusalem.org\\\/chateaubriand\\\/qui-sommes-nous\\\/louer-nos-espaces\\\/#primaryimage\"},\"thumbnailUrl\":\"https:\\\/\\\/www.institutfrancais-jerusalem.org\\\/chateaubriand\\\/wp-content\\\/uploads\\\/sites\\\/12\\\/2018\\\/02\\\/IMG_4505-1024x682.jpg\",\"datePublished\":\"2017-08-07T15:55:41+00:00\",\"dateModified\":\"2021-04-20T09:04:43+00:00\",\"breadcrumb\":{\"@id\":\"https:\\\/\\\/www.institutfrancais-jerusalem.org\\\/chateaubriand\\\/qui-sommes-nous\\\/louer-nos-espaces\\\/#breadcrumb\"},\"inLanguage\":\"fr-FR\",\"potentialAction\":[{\"@type\":\"ReadAction\",\"target\":[\"https:\\\/\\\/www.institutfrancais-jerusalem.org\\\/chateaubriand\\\/qui-sommes-nous\\\/louer-nos-espaces\\\/\"]}]},{\"@type\":\"ImageObject\",\"inLanguage\":\"fr-FR\",\"@id\":\"https:\\\/\\\/www.institutfrancais-jerusalem.org\\\/chateaubriand\\\/qui-sommes-nous\\\/louer-nos-espaces\\\/#primaryimage\",\"url\":\"https:\\\/\\\/www.institutfrancais-jerusalem.org\\\/chateaubriand\\\/wp-content\\\/uploads\\\/sites\\\/12\\\/2018\\\/02\\\/IMG_4505.jpg\",\"contentUrl\":\"https:\\\/\\\/www.institutfrancais-jerusalem.org\\\/chateaubriand\\\/wp-content\\\/uploads\\\/sites\\\/12\\\/2018\\\/02\\\/IMG_4505.jpg\",\"width\":2000,\"height\":1333},{\"@type\":\"BreadcrumbList\",\"@id\":\"https:\\\/\\\/www.institutfrancais-jerusalem.org\\\/chateaubriand\\\/qui-sommes-nous\\\/louer-nos-espaces\\\/#breadcrumb\",\"itemListElement\":[{\"@type\":\"ListItem\",\"position\":1,\"name\":\"Accueil\",\"item\":\"https:\\\/\\\/www.institutfrancais-jerusalem.org\\\/chateaubriand\\\/\"},{\"@type\":\"ListItem\",\"position\":2,\"name\":\"QUI SOMMES-NOUS ?\",\"item\":\"https:\\\/\\\/www.institutfrancais-jerusalem.org\\\/chateaubriand\\\/qui-sommes-nous\\\/\"},{\"@type\":\"ListItem\",\"position\":3,\"name\":\"LOUER NOS ESPACES\"}]},{\"@type\":\"WebSite\",\"@id\":\"https:\\\/\\\/www.institutfrancais-jerusalem.org\\\/chateaubriand\\\/#website\",\"url\":\"https:\\\/\\\/www.institutfrancais-jerusalem.org\\\/chateaubriand\\\/\",\"name\":\"Institut Fran\u00e7ais de J\u00e9rusalem - Chateaubriand\",\"description\":\"\",\"potentialAction\":[{\"@type\":\"SearchAction\",\"target\":{\"@type\":\"EntryPoint\",\"urlTemplate\":\"https:\\\/\\\/www.institutfrancais-jerusalem.org\\\/chateaubriand\\\/?s={search_term_string}\"},\"query-input\":{\"@type\":\"PropertyValueSpecification\",\"valueRequired\":true,\"valueName\":\"search_term_string\"}}],\"inLanguage\":\"fr-FR\"}]}<\/script>\n<!-- \/ Yoast SEO plugin. -->","yoast_head_json":{"title":"LOUER NOS ESPACES - Institut Fran\u00e7ais de J\u00e9rusalem - Chateaubriand","robots":{"index":"index","follow":"follow","max-snippet":"max-snippet:-1","max-image-preview":"max-image-preview:large","max-video-preview":"max-video-preview:-1"},"canonical":"https:\/\/www.institutfrancais-jerusalem.org\/chateaubriand\/qui-sommes-nous\/louer-nos-espaces\/","og_locale":"fr_FR","og_type":"article","og_title":"LOUER NOS ESPACES - Institut Fran\u00e7ais de J\u00e9rusalem - Chateaubriand","og_description":"L\u2019Institut fran\u00e7ais de J\u00e9rusalem &#8211; antenne Chateaubriand met \u00e0 votre disposition ses locaux et son jardin pour vos manifestations culturelles, \u00e9ducatives et festives. Nos locaux\u00a0: &#8211; 1 salle multim\u00e9dia pouvant accueillir jusqu\u2019\u00e0 50 personnes pour des films, conf\u00e9rences, concerts, studio photos, etc\u2026 &#8211; 3 salles de cours pouvant accueillir 10 \u00e0 15 personnes &#8211; 1 &hellip;","og_url":"https:\/\/www.institutfrancais-jerusalem.org\/chateaubriand\/qui-sommes-nous\/louer-nos-espaces\/","og_site_name":"Institut Fran\u00e7ais de J\u00e9rusalem - Chateaubriand","article_modified_time":"2021-04-20T09:04:43+00:00","og_image":[{"url":"https:\/\/www.institutfrancais-jerusalem.org\/chateaubriand\/wp-content\/uploads\/sites\/12\/2018\/02\/IMG_4505-1024x682.jpg","type":"","width":"","height":""}],"twitter_card":"summary_large_image","twitter_misc":{"Dur\u00e9e de lecture estim\u00e9e":"1 minute"},"schema":{"@context":"https:\/\/schema.org","@graph":[{"@type":"WebPage","@id":"https:\/\/www.institutfrancais-jerusalem.org\/chateaubriand\/qui-sommes-nous\/louer-nos-espaces\/","url":"https:\/\/www.institutfrancais-jerusalem.org\/chateaubriand\/qui-sommes-nous\/louer-nos-espaces\/","name":"LOUER NOS ESPACES - Institut Fran\u00e7ais de J\u00e9rusalem - Chateaubriand","isPartOf":{"@id":"https:\/\/www.institutfrancais-jerusalem.org\/chateaubriand\/#website"},"primaryImageOfPage":{"@id":"https:\/\/www.institutfrancais-jerusalem.org\/chateaubriand\/qui-sommes-nous\/louer-nos-espaces\/#primaryimage"},"image":{"@id":"https:\/\/www.institutfrancais-jerusalem.org\/chateaubriand\/qui-sommes-nous\/louer-nos-espaces\/#primaryimage"},"thumbnailUrl":"https:\/\/www.institutfrancais-jerusalem.org\/chateaubriand\/wp-content\/uploads\/sites\/12\/2018\/02\/IMG_4505-1024x682.jpg","datePublished":"2017-08-07T15:55:41+00:00","dateModified":"2021-04-20T09:04:43+00:00","breadcrumb":{"@id":"https:\/\/www.institutfrancais-jerusalem.org\/chateaubriand\/qui-sommes-nous\/louer-nos-espaces\/#breadcrumb"},"inLanguage":"fr-FR","potentialAction":[{"@type":"ReadAction","target":["https:\/\/www.institutfrancais-jerusalem.org\/chateaubriand\/qui-sommes-nous\/louer-nos-espaces\/"]}]},{"@type":"ImageObject","inLanguage":"fr-FR","@id":"https:\/\/www.institutfrancais-jerusalem.org\/chateaubriand\/qui-sommes-nous\/louer-nos-espaces\/#primaryimage","url":"https:\/\/www.institutfrancais-jerusalem.org\/chateaubriand\/wp-content\/uploads\/sites\/12\/2018\/02\/IMG_4505.jpg","contentUrl":"https:\/\/www.institutfrancais-jerusalem.org\/chateaubriand\/wp-content\/uploads\/sites\/12\/2018\/02\/IMG_4505.jpg","width":2000,"height":1333},{"@type":"BreadcrumbList","@id":"https:\/\/www.institutfrancais-jerusalem.org\/chateaubriand\/qui-sommes-nous\/louer-nos-espaces\/#breadcrumb","itemListElement":[{"@type":"ListItem","position":1,"name":"Accueil","item":"https:\/\/www.institutfrancais-jerusalem.org\/chateaubriand\/"},{"@type":"ListItem","position":2,"name":"QUI SOMMES-NOUS ?","item":"https:\/\/www.institutfrancais-jerusalem.org\/chateaubriand\/qui-sommes-nous\/"},{"@type":"ListItem","position":3,"name":"LOUER NOS ESPACES"}]},{"@type":"WebSite","@id":"https:\/\/www.institutfrancais-jerusalem.org\/chateaubriand\/#website","url":"https:\/\/www.institutfrancais-jerusalem.org\/chateaubriand\/","name":"Institut Fran\u00e7ais de J\u00e9rusalem - Chateaubriand","description":"","potentialAction":[{"@type":"SearchAction","target":{"@type":"EntryPoint","urlTemplate":"https:\/\/www.institutfrancais-jerusalem.org\/chateaubriand\/?s={search_term_string}"},"query-input":{"@type":"PropertyValueSpecification","valueRequired":true,"valueName":"search_term_string"}}],"inLanguage":"fr-FR"}]}},"_links":{"self":[{"href":"https:\/\/www.institutfrancais-jerusalem.org\/chateaubriand\/wp-json\/wp\/v2\/pages\/1379","targetHints":{"allow":["GET"]}}],"collection":[{"href":"https:\/\/www.institutfrancais-jerusalem.org\/chateaubriand\/wp-json\/wp\/v2\/pages"}],"about":[{"href":"https:\/\/www.institutfrancais-jerusalem.org\/chateaubriand\/wp-json\/wp\/v2\/types\/page"}],"author":[{"embeddable":true,"href":"https:\/\/www.institutfrancais-jerusalem.org\/chateaubriand\/wp-json\/wp\/v2\/users\/1"}],"replies":[{"embeddable":true,"href":"https:\/\/www.institutfrancais-jerusalem.org\/chateaubriand\/wp-json\/wp\/v2\/comments?post=1379"}],"version-history":[{"count":8,"href":"https:\/\/www.institutfrancais-jerusalem.org\/chateaubriand\/wp-json\/wp\/v2\/pages\/1379\/revisions"}],"predecessor-version":[{"id":5319,"href":"https:\/\/www.institutfrancais-jerusalem.org\/chateaubriand\/wp-json\/wp\/v2\/pages\/1379\/revisions\/5319"}],"up":[{"embeddable":true,"href":"https:\/\/www.institutfrancais-jerusalem.org\/chateaubriand\/wp-json\/wp\/v2\/pages\/377"}],"wp:attachment":[{"href":"https:\/\/www.institutfrancais-jerusalem.org\/chateaubriand\/wp-json\/wp\/v2\/media?parent=1379"}],"curies":[{"name":"wp","href":"https:\/\/api.w.org\/{rel}","templated":true}]}}